{"id":6068,"date":"2021-08-02T14:44:28","date_gmt":"2021-08-02T17:44:28","guid":{"rendered":"https:\/\/comprenowhats.com.br\/arezzoanaliafranco\/produto\/tnis-slip-on-rosa-lona-bambini-arezzo\/"},"modified":"2023-12-02T11:46:51","modified_gmt":"2023-12-02T14:46:51","slug":"tnis-slip-on-rosa-lona-bambini-arezzo","status":"publish","type":"product","link":"https:\/\/comprenowhats.com.br\/arezzoanaliafranco\/produto\/tnis-slip-on-rosa-lona-bambini-arezzo\/","title":{"rendered":"T&ecirc;nis Slip On Rosa Lona Bambini | Arezzo"},"content":{"rendered":"<p class=\"ty-message\">T\u00eanis slip on rosa de lona. O modelo tem solado baixo emborrachado branco, com frente e biqueira texturizadas e risca lateral preta. Traz fita de gorgur\u00e3o rosa com costuras zigue-zague brancas por todo o contorno e tira com detalhe de cora\u00e7\u00f5es no calcanhar, que facilita o calce. De bico redondo, o t\u00eanis tem el\u00e1stico interno sobre a l\u00edngua e terminal do cadar\u00e7o com ilh\u00f3s decorativos, sendo dois deles de cora\u00e7\u00e3o. Com palmilha e tag AREZZO BAMBINI, al\u00e9m de etiqueta lateral de cora\u00e7\u00e3o. Este modelo \u00e9 vendido separadamente e faz parte da cole\u00e7\u00e3o AREZZO BAMBINI, com produtos dispon\u00edveis em tamanho adulto e infantil. Perfeitos para combina\u00e7\u00f5es m\u00e3e e filha!<\/p>\n<p><b>Porque Apostar<\/b><\/br><\/br>AREZZO BAMBINI \u00e9 a primeira linha infantil da Arezzo pensada para m\u00e3es e filhas arrasarem juntas! O t\u00eanis possui um design fun e l\u00fadico e \u00e9 garantia de muito conforto. O melhor de tudo \u00e9 que o modelo vem em tamanho infantil, mostrando que a Arezzo est\u00e1 presente em todos os momentos e vai encantar tamb\u00e9m as pequenas! Perfeito para que m\u00e3e e filha saiam cheias de estilo por a\u00ed!<\/p>\n<div style='text-align: center'><img src='https:\/\/secure-static.arezzo.com.br\/medias\/sys_master\/arezzo\/arezzo\/h51\/haf\/h00\/h00\/10072411602974\/1198600050001U-04-BASEIMAGE-Hires.jpg' style='max-height: 400px' \/><img src='https:\/\/secure-static.arezzo.com.br\/medias\/sys_master\/arezzo\/arezzo\/hbb\/h5f\/h00\/h00\/10072411930654\/1198600050001U-05-BASEIMAGE-Hires.jpg' style='max-height: 400px' \/><img src='https:\/\/secure-static.arezzo.com.br\/medias\/sys_master\/arezzo\/arezzo\/hf5\/hf8\/h00\/h00\/10072412258334\/1198600050001U-06-BASEIMAGE-Hires.jpg' style='max-height: 400px' \/><\/div>\n<p>* Entre em contato por WhatsApp para verificar a disponibilidade do produto. Ref.: A1198600050001<\/p>\n","protected":false},"excerpt":{"rendered":"<p>Estoque dispon\u00edvel no tamanho: ULTIMA_ESTACAO.<br \/><small>atualizado em 02\/12\/2023.<\/p>\n","protected":false},"featured_media":6067,"template":"","meta":[],"product_brand":[],"product_cat":[57],"product_tag":[628],"class_list":{"0":"post-6068","1":"product","2":"type-product","3":"status-publish","4":"has-post-thumbnail","6":"product_cat-tenis-sapatos","7":"product_tag-ultima_estacao","9":"first","10":"instock","11":"shipping-taxable","12":"purchasable","13":"product-type-simple"},"_links":{"self":[{"href":"https:\/\/comprenowhats.com.br\/arezzoanaliafranco\/wp-json\/wp\/v2\/product\/6068","targetHints":{"allow":["GET"]}}],"collection":[{"href":"https:\/\/comprenowhats.com.br\/arezzoanaliafranco\/wp-json\/wp\/v2\/product"}],"about":[{"href":"https:\/\/comprenowhats.com.br\/arezzoanaliafranco\/wp-json\/wp\/v2\/types\/product"}],"wp:featuredmedia":[{"embeddable":true,"href":"https:\/\/comprenowhats.com.br\/arezzoanaliafranco\/wp-json\/wp\/v2\/media\/6067"}],"wp:attachment":[{"href":"https:\/\/comprenowhats.com.br\/arezzoanaliafranco\/wp-json\/wp\/v2\/media?parent=6068"}],"wp:term":[{"taxonomy":"product_brand","embeddable":true,"href":"https:\/\/comprenowhats.com.br\/arezzoanaliafranco\/wp-json\/wp\/v2\/product_brand?post=6068"},{"taxonomy":"product_cat","embeddable":true,"href":"https:\/\/comprenowhats.com.br\/arezzoanaliafranco\/wp-json\/wp\/v2\/product_cat?post=6068"},{"taxonomy":"product_tag","embeddable":true,"href":"https:\/\/comprenowhats.com.br\/arezzoanaliafranco\/wp-json\/wp\/v2\/product_tag?post=6068"}],"curies":[{"name":"wp","href":"https:\/\/api.w.org\/{rel}","templated":true}]}}