{"id":5896,"date":"2021-08-02T14:18:53","date_gmt":"2021-08-02T17:18:53","guid":{"rendered":"https:\/\/comprenowhats.com.br\/arezzoanaliafranco\/produto\/chinelo-de-dedo-animal-print-verde-brizza-arezzo\/"},"modified":"2023-12-02T11:49:49","modified_gmt":"2023-12-02T14:49:49","slug":"chinelo-de-dedo-animal-print-verde-brizza-arezzo","status":"publish","type":"product","link":"https:\/\/comprenowhats.com.br\/arezzoanaliafranco\/produto\/chinelo-de-dedo-animal-print-verde-brizza-arezzo\/","title":{"rendered":"Chinelo de Dedo Animal Print Verde Brizza | Arezzo"},"content":{"rendered":"<p class=\"ty-message\">Chinelo de dedo verde com estampa animal print em pl\u00e1stico injetado fosco. O modelo tem sola rasteira flat emborrachada e palmilha texturizada. De bico redondo, traz tiras finas injetadas lisas, dividindo os dedos, e com aplica\u00e7\u00e3o de inscri\u00e7\u00e3o met\u00e1lica do nome da marca em uma delas. Aberto, o chinelo de dedo exibe todo o p\u00e9.<\/p>\n<p><b>Porque Apostar<\/b><\/br><\/br>O tradicional chinelo de dedo insere cor no visual e \u00e9 garantia de muito conforto! O modelo surge em uma paleta vibrante e neutra e \u00e9 perfeito para entrar no mood fresco e divertido da temporada. Acompanha os dias quentes da esta\u00e7\u00e3o, trazendo alegria para os looks!<\/p>\n<div style='text-align: center'><img src='https:\/\/secure-static.arezzo.com.br\/medias\/sys_master\/arezzo\/arezzo\/h42\/h37\/h00\/h00\/9877734850590\/1173900050027U-04-BASEIMAGE-Hires.jpg' style='max-height: 400px' \/><img src='https:\/\/secure-static.arezzo.com.br\/medias\/sys_master\/arezzo\/arezzo\/h14\/h3b\/h00\/h00\/9877735014430\/1173900050027U-05-BASEIMAGE-Hires.jpg' style='max-height: 400px' \/><img src='https:\/\/secure-static.arezzo.com.br\/medias\/sys_master\/arezzo\/arezzo\/h0c\/h70\/h00\/h00\/9877735178270\/1173900050027U-06-BASEIMAGE-Hires.jpg' style='max-height: 400px' \/><\/div>\n<p>* Entre em contato por WhatsApp para verificar a disponibilidade do produto. Ref.: A1173900050027<\/p>\n","protected":false},"excerpt":{"rendered":"<p>Estoque dispon\u00edvel nos tamanhos: ULTIMA_ESTACAO, 33\/4.<br \/><small>atualizado em 02\/12\/2023.<\/p>\n","protected":false},"featured_media":5895,"template":"","meta":[],"product_brand":[],"product_cat":[62],"product_tag":[50,628],"class_list":{"0":"post-5896","1":"product","2":"type-product","3":"status-publish","4":"has-post-thumbnail","6":"product_cat-chinelos","7":"product_tag-33-4","8":"product_tag-ultima_estacao","10":"first","11":"instock","12":"shipping-taxable","13":"purchasable","14":"product-type-simple"},"_links":{"self":[{"href":"https:\/\/comprenowhats.com.br\/arezzoanaliafranco\/wp-json\/wp\/v2\/product\/5896","targetHints":{"allow":["GET"]}}],"collection":[{"href":"https:\/\/comprenowhats.com.br\/arezzoanaliafranco\/wp-json\/wp\/v2\/product"}],"about":[{"href":"https:\/\/comprenowhats.com.br\/arezzoanaliafranco\/wp-json\/wp\/v2\/types\/product"}],"wp:featuredmedia":[{"embeddable":true,"href":"https:\/\/comprenowhats.com.br\/arezzoanaliafranco\/wp-json\/wp\/v2\/media\/5895"}],"wp:attachment":[{"href":"https:\/\/comprenowhats.com.br\/arezzoanaliafranco\/wp-json\/wp\/v2\/media?parent=5896"}],"wp:term":[{"taxonomy":"product_brand","embeddable":true,"href":"https:\/\/comprenowhats.com.br\/arezzoanaliafranco\/wp-json\/wp\/v2\/product_brand?post=5896"},{"taxonomy":"product_cat","embeddable":true,"href":"https:\/\/comprenowhats.com.br\/arezzoanaliafranco\/wp-json\/wp\/v2\/product_cat?post=5896"},{"taxonomy":"product_tag","embeddable":true,"href":"https:\/\/comprenowhats.com.br\/arezzoanaliafranco\/wp-json\/wp\/v2\/product_tag?post=5896"}],"curies":[{"name":"wp","href":"https:\/\/api.w.org\/{rel}","templated":true}]}}