{"id":983,"date":"2020-09-23T14:47:00","date_gmt":"2020-09-23T17:47:00","guid":{"rendered":"https:\/\/comprenowhats.com.br\/anacaprimacae\/produto\/slide-preto-nanda\/"},"modified":"2023-11-28T16:29:58","modified_gmt":"2023-11-28T19:29:58","slug":"slide-preto-nanda","status":"publish","type":"product","link":"https:\/\/comprenowhats.com.br\/anacaprimacae\/produto\/slide-preto-nanda\/","title":{"rendered":"Slide Preto Nanda"},"content":{"rendered":"<p>O slider com tira em tricot mal chegou e j\u00e1 \u00e9 um ICONE! A uni\u00e3o perfeita entre conforto e fashionismo, ela deixa os p\u00e9s \u00e0 mostra acrescentando informa\u00e7\u00e3o de moda at\u00e9 ao look mais b\u00e1sico. Da praia pra cidade &#8211; quem manda \u00e9 voc\u00ea! N\u00e3o deixa essa passar \ud83d\ude42<\/p>\n<div style='text-align: center'><img src='https:\/\/secure-static.anacapri.com.br\/medias\/sys_master\/anacapri\/anacapri\/h6b\/hda\/h00\/h00\/9876073054238\/3024000010006U-03-BASEIMAGE-Midres.jpg' style='max-height: 400px' \/><img src='https:\/\/secure-static.anacapri.com.br\/medias\/sys_master\/anacapri\/anacapri\/hae\/hcd\/h00\/h00\/9876073218078\/3024000010006U-04-BASEIMAGE-Midres.jpg' style='max-height: 400px' \/><img src='https:\/\/secure-static.anacapri.com.br\/medias\/sys_master\/anacapri\/anacapri\/h64\/hc7\/h00\/h00\/9876073381918\/3024000010006U-05-BASEIMAGE-Midres.jpg' style='max-height: 400px' \/><img src='https:\/\/secure-static.anacapri.com.br\/medias\/sys_master\/anacapri\/anacapri\/h7e\/h6f\/h00\/h00\/9876073545758\/3024000010006U-06-BASEIMAGE-Midres.jpg' style='max-height: 400px' \/><img src='https:\/\/secure-static.anacapri.com.br\/medias\/sys_master\/anacapri\/anacapri\/h97\/h17\/h00\/h00\/9876073709598\/3024000010006U-07-BASEIMAGE-Midres.jpg' style='max-height: 400px' \/><img src='https:\/\/secure-static.anacapri.com.br\/medias\/sys_master\/anacapri\/anacapri\/h14\/hbf\/h00\/h00\/9876073873438\/3024000010006U-08-BASEIMAGE-Midres.jpg' style='max-height: 400px' \/><img src='https:\/\/secure-static.anacapri.com.br\/medias\/sys_master\/anacapri\/anacapri\/h39\/hc4\/h00\/h00\/9866278076446\/3024000010006U-10-BASEIMAGE-Midres.jpg' style='max-height: 400px' \/><img src='https:\/\/secure-static.anacapri.com.br\/medias\/sys_master\/anacapri\/anacapri\/hf6\/h98\/h00\/h00\/9866278404126\/3024000010006U-11-BASEIMAGE-Midres.jpg' style='max-height: 400px' \/><\/div>\n<p>* Entre em contato por WhatsApp para verificar a disponibilidade do produto. Ref.: C3024000010006<\/p>\n","protected":false},"excerpt":{"rendered":"<p>Estoque dispon\u00edvel nos tamanhos: ULTIMA_ESTACAO, 34.<br \/><small>atualizado em 28\/11\/2023.<\/p>\n","protected":false},"featured_media":982,"template":"","meta":[],"product_cat":[49],"product_tag":[22,103],"_links":{"self":[{"href":"https:\/\/comprenowhats.com.br\/anacaprimacae\/wp-json\/wp\/v2\/product\/983"}],"collection":[{"href":"https:\/\/comprenowhats.com.br\/anacaprimacae\/wp-json\/wp\/v2\/product"}],"about":[{"href":"https:\/\/comprenowhats.com.br\/anacaprimacae\/wp-json\/wp\/v2\/types\/product"}],"wp:featuredmedia":[{"embeddable":true,"href":"https:\/\/comprenowhats.com.br\/anacaprimacae\/wp-json\/wp\/v2\/media\/982"}],"wp:attachment":[{"href":"https:\/\/comprenowhats.com.br\/anacaprimacae\/wp-json\/wp\/v2\/media?parent=983"}],"wp:term":[{"taxonomy":"product_cat","embeddable":true,"href":"https:\/\/comprenowhats.com.br\/anacaprimacae\/wp-json\/wp\/v2\/product_cat?post=983"},{"taxonomy":"product_tag","embeddable":true,"href":"https:\/\/comprenowhats.com.br\/anacaprimacae\/wp-json\/wp\/v2\/product_tag?post=983"}],"curies":[{"name":"wp","href":"https:\/\/api.w.org\/{rel}","templated":true}]}}