{"id":965,"date":"2020-09-23T14:46:45","date_gmt":"2020-09-23T17:46:45","guid":{"rendered":"https:\/\/comprenowhats.com.br\/anacaprimacae\/produto\/tenis-slip-on-caramelo-lona\/"},"modified":"2022-05-18T11:45:50","modified_gmt":"2022-05-18T14:45:50","slug":"tenis-slip-on-caramelo-lona","status":"publish","type":"product","link":"https:\/\/comprenowhats.com.br\/anacaprimacae\/produto\/tenis-slip-on-caramelo-lona\/","title":{"rendered":"T\u00eanis Slip On Caramelo Lona"},"content":{"rendered":"<p>T\u00eanis slip on marrom de lona. O modelo tem solado baixo emborrachado branco, com risca marrom e texturizado na parte frontal e biqueira, que apresenta ainda formato curvo. De bico redondo, traz contorno superior em destaque e recorte lateral na lingueta, com el\u00e1stico, que facilita o calce, e aplica\u00e7\u00e3o de tag marrom discreta do nome da marca. <\/p>\n<p><b>Porque Apostar<\/b><\/br><\/br>Divertido e despojado, o t\u00eanis slip on de lona tem uma pegada retr\u00f4 e traz uma inspira\u00e7\u00e3o 70&#8217;s, trend da temporada. Mega confort\u00e1vel e pr\u00e1tico de cal\u00e7ar, descomplica o visual do dia a dia e garante uma por\u00e7\u00e3o de looks! Pode apostar que esse t\u00eanis \u00e9 tudo, mana!<\/p>\n<div style='text-align: center'><img src='https:\/\/secure-static.anacapri.com.br\/medias\/sys_master\/anacapri\/anacapri\/h57\/h6f\/h00\/h00\/9889315061790\/3023000030002U-03-BASEIMAGE-Midres.jpg' style='max-height: 400px' \/><img src='https:\/\/secure-static.anacapri.com.br\/medias\/sys_master\/anacapri\/anacapri\/h4c\/hd5\/h00\/h00\/9889315389470\/3023000030002U-04-BASEIMAGE-Midres.jpg' style='max-height: 400px' \/><img src='https:\/\/secure-static.anacapri.com.br\/medias\/sys_master\/anacapri\/anacapri\/h0c\/h5f\/h00\/h00\/9889315782686\/3023000030002U-05-BASEIMAGE-Midres.jpg' style='max-height: 400px' \/><img src='https:\/\/secure-static.anacapri.com.br\/medias\/sys_master\/anacapri\/anacapri\/hd0\/h57\/h00\/h00\/9889316110366\/3023000030002U-06-BASEIMAGE-Midres.jpg' style='max-height: 400px' \/><img src='https:\/\/secure-static.anacapri.com.br\/medias\/sys_master\/anacapri\/anacapri\/h8b\/h63\/h00\/h00\/9889316438046\/3023000030002U-07-BASEIMAGE-Midres.jpg' style='max-height: 400px' \/><img src='https:\/\/secure-static.anacapri.com.br\/medias\/sys_master\/anacapri\/anacapri\/hbb\/hc1\/h00\/h00\/9889316765726\/3023000030002U-08-BASEIMAGE-Midres.jpg' style='max-height: 400px' \/><\/div>\n<p>* Entre em contato por WhatsApp para verificar a disponibilidade do produto. Ref.: C3023000030002<\/p>\n","protected":false},"excerpt":{"rendered":"<p>Estoque indispon\u00edvel.<br \/><small>atualizado em 18\/05\/2022.<\/p>\n","protected":false},"featured_media":964,"template":"","meta":[],"product_cat":[50],"product_tag":[23],"_links":{"self":[{"href":"https:\/\/comprenowhats.com.br\/anacaprimacae\/wp-json\/wp\/v2\/product\/965"}],"collection":[{"href":"https:\/\/comprenowhats.com.br\/anacaprimacae\/wp-json\/wp\/v2\/product"}],"about":[{"href":"https:\/\/comprenowhats.com.br\/anacaprimacae\/wp-json\/wp\/v2\/types\/product"}],"wp:featuredmedia":[{"embeddable":true,"href":"https:\/\/comprenowhats.com.br\/anacaprimacae\/wp-json\/wp\/v2\/media\/964"}],"wp:attachment":[{"href":"https:\/\/comprenowhats.com.br\/anacaprimacae\/wp-json\/wp\/v2\/media?parent=965"}],"wp:term":[{"taxonomy":"product_cat","embeddable":true,"href":"https:\/\/comprenowhats.com.br\/anacaprimacae\/wp-json\/wp\/v2\/product_cat?post=965"},{"taxonomy":"product_tag","embeddable":true,"href":"https:\/\/comprenowhats.com.br\/anacaprimacae\/wp-json\/wp\/v2\/product_tag?post=965"}],"curies":[{"name":"wp","href":"https:\/\/api.w.org\/{rel}","templated":true}]}}