{"id":913,"date":"2020-09-23T14:45:47","date_gmt":"2020-09-23T17:45:47","guid":{"rendered":"https:\/\/comprenowhats.com.br\/anacaprimacae\/produto\/mocassim-mel-classico\/"},"modified":"2022-05-18T11:33:37","modified_gmt":"2022-05-18T14:33:37","slug":"mocassim-mel-classico","status":"publish","type":"product","link":"https:\/\/comprenowhats.com.br\/anacaprimacae\/produto\/mocassim-mel-classico\/","title":{"rendered":"Mocassim Mel Cl\u00e1ssico"},"content":{"rendered":"<p>Algu\u00e9m a\u00ed pediu conforto? Ou dessa vez quer mais estilo? N\u00e3o precisa escolher entre eles, com esse mocassim o conforto \u00e9 \u00f3bvio e o look ganha cara de street style. Para quebrar com o ar ?masculino? da pe\u00e7a, invista em combina\u00e7\u00f5es leves, tons claros e brinque com os contrastes. O minimalismo est\u00e1 em alta, assim como cal\u00e7ados quadrados e clean. Surpreenda-se!<\/p>\n<div style='text-align: center'><img src='https:\/\/secure-static.anacapri.com.br\/medias\/sys_master\/anacapri\/anacapri\/hd4\/h87\/h00\/h00\/9644178767902\/3015100010008U-04-BASEIMAGE-Midres.jpg' style='max-height: 400px' \/><img src='https:\/\/secure-static.anacapri.com.br\/medias\/sys_master\/anacapri\/anacapri\/h4d\/he1\/h00\/h00\/9644178440222\/3015100010008U-05-BASEIMAGE-Midres.jpg' style='max-height: 400px' \/><img src='https:\/\/secure-static.anacapri.com.br\/medias\/sys_master\/anacapri\/anacapri\/hb7\/h91\/h00\/h00\/9644178112542\/3015100010008U-06-BASEIMAGE-Midres.jpg' style='max-height: 400px' \/><\/div>\n<p>* Entre em contato por WhatsApp para verificar a disponibilidade do produto. Ref.: C3015100010008<\/p>\n","protected":false},"excerpt":{"rendered":"<p>Estoque indispon\u00edvel.<br \/><small>atualizado em 18\/05\/2022.<\/p>\n","protected":false},"featured_media":912,"template":"","meta":[],"product_cat":[53],"product_tag":[25],"_links":{"self":[{"href":"https:\/\/comprenowhats.com.br\/anacaprimacae\/wp-json\/wp\/v2\/product\/913"}],"collection":[{"href":"https:\/\/comprenowhats.com.br\/anacaprimacae\/wp-json\/wp\/v2\/product"}],"about":[{"href":"https:\/\/comprenowhats.com.br\/anacaprimacae\/wp-json\/wp\/v2\/types\/product"}],"wp:featuredmedia":[{"embeddable":true,"href":"https:\/\/comprenowhats.com.br\/anacaprimacae\/wp-json\/wp\/v2\/media\/912"}],"wp:attachment":[{"href":"https:\/\/comprenowhats.com.br\/anacaprimacae\/wp-json\/wp\/v2\/media?parent=913"}],"wp:term":[{"taxonomy":"product_cat","embeddable":true,"href":"https:\/\/comprenowhats.com.br\/anacaprimacae\/wp-json\/wp\/v2\/product_cat?post=913"},{"taxonomy":"product_tag","embeddable":true,"href":"https:\/\/comprenowhats.com.br\/anacaprimacae\/wp-json\/wp\/v2\/product_tag?post=913"}],"curies":[{"name":"wp","href":"https:\/\/api.w.org\/{rel}","templated":true}]}}