{"id":907,"date":"2020-09-23T14:45:41","date_gmt":"2020-09-23T17:45:41","guid":{"rendered":"https:\/\/comprenowhats.com.br\/anacaprimacae\/produto\/tenis-slip-on-preto-dani\/"},"modified":"2022-05-18T11:33:33","modified_gmt":"2022-05-18T14:33:33","slug":"tenis-slip-on-preto-dani","status":"publish","type":"product","link":"https:\/\/comprenowhats.com.br\/anacaprimacae\/produto\/tenis-slip-on-preto-dani\/","title":{"rendered":"T\u00eanis Slip On Preto Dani"},"content":{"rendered":"<p>T\u00eanis slip on preto. O modelo tem solado alto emborrachado branco, texturizado na parte frontal e com costura pesponto no contorno superior, al\u00e9m de risca preta nas laterais. De bico redondo, traz el\u00e1stico largo sobre a lingueta, que facilita o calce. Com contorno do cano bombado e tag marrom com nome da marca na lateral do cabedal.<\/p>\n<p><b>Porque Apostar<\/b><\/br><\/br>B\u00e1sico e atemporal, o slip on de cor neutra \u00e9 aquele modelo vers\u00e1til que tem que ter! Vai bem com tudo, sem contar que \u00e9 mega confort\u00e1vel! Combine com jeans ou pe\u00e7as de alfaiataria e abuse dos tons vibrantes para contrastar e trazer um toque fun. Pode apostar!<\/p>\n<div style='text-align: center'><img src='https:\/\/secure-static.anacapri.com.br\/medias\/sys_master\/anacapri\/anacapri\/h56\/hae\/h00\/h00\/9889438236702\/3014000230004U-04-BASEIMAGE-Midres.jpg' style='max-height: 400px' \/><img src='https:\/\/secure-static.anacapri.com.br\/medias\/sys_master\/anacapri\/anacapri\/h6c\/ha6\/h00\/h00\/9889438564382\/3014000230004U-05-BASEIMAGE-Midres.jpg' style='max-height: 400px' \/><img src='https:\/\/secure-static.anacapri.com.br\/medias\/sys_master\/anacapri\/anacapri\/hd6\/h56\/h00\/h00\/9889438892062\/3014000230004U-06-BASEIMAGE-Midres.jpg' style='max-height: 400px' \/><\/div>\n<p>* Entre em contato por WhatsApp para verificar a disponibilidade do produto. Ref.: C3014000230004<\/p>\n","protected":false},"excerpt":{"rendered":"<p>Estoque indispon\u00edvel.<br \/><small>atualizado em 18\/05\/2022.<\/p>\n","protected":false},"featured_media":906,"template":"","meta":[],"product_cat":[50],"product_tag":[25],"_links":{"self":[{"href":"https:\/\/comprenowhats.com.br\/anacaprimacae\/wp-json\/wp\/v2\/product\/907"}],"collection":[{"href":"https:\/\/comprenowhats.com.br\/anacaprimacae\/wp-json\/wp\/v2\/product"}],"about":[{"href":"https:\/\/comprenowhats.com.br\/anacaprimacae\/wp-json\/wp\/v2\/types\/product"}],"wp:featuredmedia":[{"embeddable":true,"href":"https:\/\/comprenowhats.com.br\/anacaprimacae\/wp-json\/wp\/v2\/media\/906"}],"wp:attachment":[{"href":"https:\/\/comprenowhats.com.br\/anacaprimacae\/wp-json\/wp\/v2\/media?parent=907"}],"wp:term":[{"taxonomy":"product_cat","embeddable":true,"href":"https:\/\/comprenowhats.com.br\/anacaprimacae\/wp-json\/wp\/v2\/product_cat?post=907"},{"taxonomy":"product_tag","embeddable":true,"href":"https:\/\/comprenowhats.com.br\/anacaprimacae\/wp-json\/wp\/v2\/product_tag?post=907"}],"curies":[{"name":"wp","href":"https:\/\/api.w.org\/{rel}","templated":true}]}}