{"id":879,"date":"2020-09-23T14:45:15","date_gmt":"2020-09-23T17:45:15","guid":{"rendered":"https:\/\/comprenowhats.com.br\/anacaprimacae\/produto\/sapatilha-slingback-preto-metalizado\/"},"modified":"2022-05-18T11:33:18","modified_gmt":"2022-05-18T14:33:18","slug":"sapatilha-slingback-preto-metalizado","status":"publish","type":"product","link":"https:\/\/comprenowhats.com.br\/anacaprimacae\/produto\/sapatilha-slingback-preto-metalizado\/","title":{"rendered":"Sapatilha Slingback Preto Metalizado"},"content":{"rendered":"<p>Tr\u00e8s chic! Com bico fino, calcanhar a mostra e el\u00e1stico, essa sapatilha \u00e9 a dona do cora\u00e7\u00e3o das francesinhas &#8211; e vai ganhar o seu tamb\u00e9m! Ideal para combinar com alfaiataria, brincar com produ\u00e7\u00f5es com um qu\u00ea masculino e tonar ainda mais delicados os looks femininos. Pronta para desfilar por a\u00ed como uma verdadeira parisiense? Se joga!<\/p>\n<div style='text-align: center'><img src='https:\/\/secure-static.anacapri.com.br\/medias\/sys_master\/anacapri\/anacapri\/hde\/hae\/h00\/h00\/9644298797086\/3002900610037U-04-BASEIMAGE-Midres.jpg' style='max-height: 400px' \/><img src='https:\/\/secure-static.anacapri.com.br\/medias\/sys_master\/anacapri\/anacapri\/hc9\/hb6\/h00\/h00\/9644298469406\/3002900610037U-05-BASEIMAGE-Midres.jpg' style='max-height: 400px' \/><img src='https:\/\/secure-static.anacapri.com.br\/medias\/sys_master\/anacapri\/anacapri\/h92\/h04\/h00\/h00\/9644298141726\/3002900610037U-06-BASEIMAGE-Midres.jpg' style='max-height: 400px' \/><\/div>\n<p>* Entre em contato por WhatsApp para verificar a disponibilidade do produto. Ref.: C3002900610037<\/p>\n","protected":false},"excerpt":{"rendered":"<p>Estoque indispon\u00edvel.<br \/><small>atualizado em 18\/05\/2022.<\/p>\n","protected":false},"featured_media":878,"template":"","meta":[],"product_cat":[48],"product_tag":[22],"_links":{"self":[{"href":"https:\/\/comprenowhats.com.br\/anacaprimacae\/wp-json\/wp\/v2\/product\/879"}],"collection":[{"href":"https:\/\/comprenowhats.com.br\/anacaprimacae\/wp-json\/wp\/v2\/product"}],"about":[{"href":"https:\/\/comprenowhats.com.br\/anacaprimacae\/wp-json\/wp\/v2\/types\/product"}],"wp:featuredmedia":[{"embeddable":true,"href":"https:\/\/comprenowhats.com.br\/anacaprimacae\/wp-json\/wp\/v2\/media\/878"}],"wp:attachment":[{"href":"https:\/\/comprenowhats.com.br\/anacaprimacae\/wp-json\/wp\/v2\/media?parent=879"}],"wp:term":[{"taxonomy":"product_cat","embeddable":true,"href":"https:\/\/comprenowhats.com.br\/anacaprimacae\/wp-json\/wp\/v2\/product_cat?post=879"},{"taxonomy":"product_tag","embeddable":true,"href":"https:\/\/comprenowhats.com.br\/anacaprimacae\/wp-json\/wp\/v2\/product_tag?post=879"}],"curies":[{"name":"wp","href":"https:\/\/api.w.org\/{rel}","templated":true}]}}