{"id":861,"date":"2020-09-23T14:44:52","date_gmt":"2020-09-23T17:44:52","guid":{"rendered":"https:\/\/comprenowhats.com.br\/anacaprimacae\/produto\/rasteira-rosa-blush-couro-tiras-esferas\/"},"modified":"2022-05-18T11:45:33","modified_gmt":"2022-05-18T14:45:33","slug":"rasteira-rosa-blush-couro-tiras-esferas","status":"publish","type":"product","link":"https:\/\/comprenowhats.com.br\/anacaprimacae\/produto\/rasteira-rosa-blush-couro-tiras-esferas\/","title":{"rendered":"Rasteira Rosa Blush Couro Tiras Esferas"},"content":{"rendered":"<p>Sand\u00e1lia rasteira rosa de couro. O modelo tem bico redondo e solado marrom. Traz duas tiras largas, espa\u00e7adas e cobertas por grandes esferas resinadas rosa, no cabedal. Aberta, deixa dedos, laterais e calcanhar \u00e0 mostra. <\/p>\n<p><b>Porque Apostar<\/b><\/br><\/br>Fofa, delicada e super divertida, tudo o que voc\u00ea queria, mana! A rasteirinha tem aplica\u00e7\u00e3o de esferas resinadas e insere um toque fun no look do dia a dia, al\u00e9m de ser mega confort\u00e1vel. Aposte em vestido, saia midi ou jeans e acess\u00f3rios coloridos. A cara da esta\u00e7\u00e3o, para ter uma de cor, n\u00e9?<\/p>\n<div style='text-align: center'><img src='https:\/\/secure-static.anacapri.com.br\/medias\/sys_master\/anacapri\/anacapri\/haf\/h42\/h00\/h00\/9889490436126\/3001401450009U-05-BASEIMAGE-Midres.jpg' style='max-height: 400px' \/><img src='https:\/\/secure-static.anacapri.com.br\/medias\/sys_master\/anacapri\/anacapri\/hdf\/ha0\/h00\/h00\/9889490763806\/3001401450009U-06-BASEIMAGE-Midres.jpg' style='max-height: 400px' \/><img src='https:\/\/secure-static.anacapri.com.br\/medias\/sys_master\/anacapri\/anacapri\/he8\/h84\/h00\/h00\/9889491091486\/3001401450009U-07-BASEIMAGE-Midres.jpg' style='max-height: 400px' \/><\/div>\n<p>* Entre em contato por WhatsApp para verificar a disponibilidade do produto. Ref.: C3001401450009<\/p>\n","protected":false},"excerpt":{"rendered":"<p>Estoque indispon\u00edvel.<br \/><small>atualizado em 18\/05\/2022.<\/p>\n","protected":false},"featured_media":860,"template":"","meta":[],"product_cat":[49],"product_tag":[21,22,23,24,25,28],"_links":{"self":[{"href":"https:\/\/comprenowhats.com.br\/anacaprimacae\/wp-json\/wp\/v2\/product\/861"}],"collection":[{"href":"https:\/\/comprenowhats.com.br\/anacaprimacae\/wp-json\/wp\/v2\/product"}],"about":[{"href":"https:\/\/comprenowhats.com.br\/anacaprimacae\/wp-json\/wp\/v2\/types\/product"}],"wp:featuredmedia":[{"embeddable":true,"href":"https:\/\/comprenowhats.com.br\/anacaprimacae\/wp-json\/wp\/v2\/media\/860"}],"wp:attachment":[{"href":"https:\/\/comprenowhats.com.br\/anacaprimacae\/wp-json\/wp\/v2\/media?parent=861"}],"wp:term":[{"taxonomy":"product_cat","embeddable":true,"href":"https:\/\/comprenowhats.com.br\/anacaprimacae\/wp-json\/wp\/v2\/product_cat?post=861"},{"taxonomy":"product_tag","embeddable":true,"href":"https:\/\/comprenowhats.com.br\/anacaprimacae\/wp-json\/wp\/v2\/product_tag?post=861"}],"curies":[{"name":"wp","href":"https:\/\/api.w.org\/{rel}","templated":true}]}}