{"id":843,"date":"2020-09-23T14:44:38","date_gmt":"2020-09-23T17:44:38","guid":{"rendered":"https:\/\/comprenowhats.com.br\/anacaprimacae\/produto\/rasteira-vermelha-lona-laco\/"},"modified":"2022-05-18T11:45:32","modified_gmt":"2022-05-18T14:45:32","slug":"rasteira-vermelha-lona-laco","status":"publish","type":"product","link":"https:\/\/comprenowhats.com.br\/anacaprimacae\/produto\/rasteira-vermelha-lona-laco\/","title":{"rendered":"Rasteira Vermelha Lona La\u00e7o"},"content":{"rendered":"<p>O Minist\u00e9rio das Descomplicadas adverte: cal\u00e7ar uma flat pode causar obsess\u00e3o por looks fashionistas e uma vontade incontrol\u00e1vel de sair desfilando por a\u00ed! Com tiras largas e detalhe em amarra\u00e7\u00e3o diferentex, a rasteira com revestimento colorido \u00e9 \u00f3tima pra adicionar um ponto de cor a um look b\u00e1sico ou arrematar produ\u00e7\u00f5es monocrom\u00e1ticas &#8211; al\u00e9m de ser o suprassumo do conforto, n\u00e9? Ahaza, mana!<\/p>\n<div style='text-align: center'><img src='https:\/\/secure-static.anacapri.com.br\/medias\/sys_master\/anacapri\/anacapri\/hdc\/h9f\/h00\/h00\/9771038441502\/0029504930007U-04-BASEIMAGE-Midres.jpg' style='max-height: 400px' \/><img src='https:\/\/secure-static.anacapri.com.br\/medias\/sys_master\/anacapri\/anacapri\/h71\/hef\/h00\/h00\/9771038113822\/0029504930007U-05-BASEIMAGE-Midres.jpg' style='max-height: 400px' \/><img src='https:\/\/secure-static.anacapri.com.br\/medias\/sys_master\/anacapri\/anacapri\/h88\/hf8\/h00\/h00\/9771037786142\/0029504930007U-06-BASEIMAGE-Midres.jpg' style='max-height: 400px' \/><\/div>\n<p>* Entre em contato por WhatsApp para verificar a disponibilidade do produto. Ref.: C0029504930007<\/p>\n","protected":false},"excerpt":{"rendered":"<p>Estoque indispon\u00edvel.<br \/><small>atualizado em 18\/05\/2022.<\/p>\n","protected":false},"featured_media":842,"template":"","meta":[],"product_cat":[49],"product_tag":[24,25,26,27],"_links":{"self":[{"href":"https:\/\/comprenowhats.com.br\/anacaprimacae\/wp-json\/wp\/v2\/product\/843"}],"collection":[{"href":"https:\/\/comprenowhats.com.br\/anacaprimacae\/wp-json\/wp\/v2\/product"}],"about":[{"href":"https:\/\/comprenowhats.com.br\/anacaprimacae\/wp-json\/wp\/v2\/types\/product"}],"wp:featuredmedia":[{"embeddable":true,"href":"https:\/\/comprenowhats.com.br\/anacaprimacae\/wp-json\/wp\/v2\/media\/842"}],"wp:attachment":[{"href":"https:\/\/comprenowhats.com.br\/anacaprimacae\/wp-json\/wp\/v2\/media?parent=843"}],"wp:term":[{"taxonomy":"product_cat","embeddable":true,"href":"https:\/\/comprenowhats.com.br\/anacaprimacae\/wp-json\/wp\/v2\/product_cat?post=843"},{"taxonomy":"product_tag","embeddable":true,"href":"https:\/\/comprenowhats.com.br\/anacaprimacae\/wp-json\/wp\/v2\/product_tag?post=843"}],"curies":[{"name":"wp","href":"https:\/\/api.w.org\/{rel}","templated":true}]}}