{"id":833,"date":"2020-09-23T14:44:30","date_gmt":"2020-09-23T17:44:30","guid":{"rendered":"https:\/\/comprenowhats.com.br\/anacaprimacae\/produto\/sandalia-elastico-essenciais-preta\/"},"modified":"2023-03-14T16:28:38","modified_gmt":"2023-03-14T19:28:38","slug":"sandalia-elastico-essenciais-preta","status":"publish","type":"product","link":"https:\/\/comprenowhats.com.br\/anacaprimacae\/produto\/sandalia-elastico-essenciais-preta\/","title":{"rendered":"Sand\u00e1lia El\u00e1stico Essenciais Preta"},"content":{"rendered":"<p>Al\u00e9m de ficar perfeita com a pele bronzeada, essa aqui tem o toque minimalista e \u00e9 super pr\u00e1tica para o dia a dia na cidade &#8211; porque infelizmente nem todo mundo mora na praia! Mas podemos fingir que sim, que tal? O look pode ser all jeans, pode ser all white, pode ser floral, pode ser listrado. A liberdade fala sempre mais alto porque o importante \u00e9 voc\u00ea estar se sentindo confort\u00e1vel! Nesse modelo aconselhamos a compra de um tamanho maior do que sua numera\u00e7\u00e3o convencional.<\/p>\n<div style='text-align: center'><img src='https:\/\/secure-static.anacapri.com.br\/medias\/sys_master\/anacapri\/anacapri\/hc0\/hcf\/h00\/h00\/9473119158302\/0029401440016U-05-BASEIMAGE-Midres.jpg' style='max-height: 400px' \/><img src='https:\/\/secure-static.anacapri.com.br\/medias\/sys_master\/anacapri\/anacapri\/hb4\/hcc\/h00\/h00\/9473119813662\/0029401440016U-06-BASEIMAGE-Midres.jpg' style='max-height: 400px' \/><img src='https:\/\/secure-static.anacapri.com.br\/medias\/sys_master\/anacapri\/anacapri\/h23\/h62\/h00\/h00\/9473120141342\/0029401440016U-07-BASEIMAGE-Midres.jpg' style='max-height: 400px' \/><\/div>\n<p>* Entre em contato por WhatsApp para verificar a disponibilidade do produto. Ref.: C0029401440016<\/p>\n","protected":false},"excerpt":{"rendered":"<p>Estoque dispon\u00edvel no tamanho: 35.<br \/><small>atualizado em 14\/03\/2023.<\/p>\n","protected":false},"featured_media":832,"template":"","meta":[],"product_cat":[49],"product_tag":[23],"_links":{"self":[{"href":"https:\/\/comprenowhats.com.br\/anacaprimacae\/wp-json\/wp\/v2\/product\/833"}],"collection":[{"href":"https:\/\/comprenowhats.com.br\/anacaprimacae\/wp-json\/wp\/v2\/product"}],"about":[{"href":"https:\/\/comprenowhats.com.br\/anacaprimacae\/wp-json\/wp\/v2\/types\/product"}],"wp:featuredmedia":[{"embeddable":true,"href":"https:\/\/comprenowhats.com.br\/anacaprimacae\/wp-json\/wp\/v2\/media\/832"}],"wp:attachment":[{"href":"https:\/\/comprenowhats.com.br\/anacaprimacae\/wp-json\/wp\/v2\/media?parent=833"}],"wp:term":[{"taxonomy":"product_cat","embeddable":true,"href":"https:\/\/comprenowhats.com.br\/anacaprimacae\/wp-json\/wp\/v2\/product_cat?post=833"},{"taxonomy":"product_tag","embeddable":true,"href":"https:\/\/comprenowhats.com.br\/anacaprimacae\/wp-json\/wp\/v2\/product_tag?post=833"}],"curies":[{"name":"wp","href":"https:\/\/api.w.org\/{rel}","templated":true}]}}