{"id":808,"date":"2020-07-30T15:54:24","date_gmt":"2020-07-30T18:54:24","guid":{"rendered":"https:\/\/comprenowhats.com.br\/anacaprimacae\/produto\/crossbody-rosa-antik-matelasse-anacapri\/"},"modified":"2022-05-18T11:34:32","modified_gmt":"2022-05-18T14:34:32","slug":"crossbody-rosa-antik-matelasse-anacapri","status":"publish","type":"product","link":"https:\/\/comprenowhats.com.br\/anacaprimacae\/produto\/crossbody-rosa-antik-matelasse-anacapri\/","title":{"rendered":"Crossbody Rosa Antik Matelass\u00ea | Anacapri"},"content":{"rendered":"<p>A bolsa com al\u00e7a transversal \u00e9 indispens\u00e1vel &#8211; ainda mais nesse modelo BAPHO! Com revestimento de textura delicada, ela ganha mais informa\u00e7\u00e3o de moda com o detalhe em matelass\u00ea no bolsinho externo. Elegant\u00e9rrima e descomplicada &#8211; do jeitinho que a gente gosta!<\/p>\n<div style='text-align: center'><\/div>\n<p>* Entre em contato por WhatsApp para verificar a disponibilidade do produto. Ref.: C5001202830005<\/p>\n","protected":false},"excerpt":{"rendered":"<p>Estoque indispon\u00edvel.<br \/><small>atualizado em 18\/05\/2022.<\/p>\n","protected":false},"featured_media":807,"template":"","meta":[],"product_cat":[32],"product_tag":[],"_links":{"self":[{"href":"https:\/\/comprenowhats.com.br\/anacaprimacae\/wp-json\/wp\/v2\/product\/808"}],"collection":[{"href":"https:\/\/comprenowhats.com.br\/anacaprimacae\/wp-json\/wp\/v2\/product"}],"about":[{"href":"https:\/\/comprenowhats.com.br\/anacaprimacae\/wp-json\/wp\/v2\/types\/product"}],"wp:featuredmedia":[{"embeddable":true,"href":"https:\/\/comprenowhats.com.br\/anacaprimacae\/wp-json\/wp\/v2\/media\/807"}],"wp:attachment":[{"href":"https:\/\/comprenowhats.com.br\/anacaprimacae\/wp-json\/wp\/v2\/media?parent=808"}],"wp:term":[{"taxonomy":"product_cat","embeddable":true,"href":"https:\/\/comprenowhats.com.br\/anacaprimacae\/wp-json\/wp\/v2\/product_cat?post=808"},{"taxonomy":"product_tag","embeddable":true,"href":"https:\/\/comprenowhats.com.br\/anacaprimacae\/wp-json\/wp\/v2\/product_tag?post=808"}],"curies":[{"name":"wp","href":"https:\/\/api.w.org\/{rel}","templated":true}]}}