{"id":772,"date":"2020-07-30T15:53:24","date_gmt":"2020-07-30T18:53:24","guid":{"rendered":"https:\/\/comprenowhats.com.br\/anacaprimacae\/produto\/tenis-branco-e-dourado-paola-anacapri\/"},"modified":"2022-05-18T11:33:01","modified_gmt":"2022-05-18T14:33:01","slug":"tenis-branco-e-dourado-paola-anacapri","status":"publish","type":"product","link":"https:\/\/comprenowhats.com.br\/anacaprimacae\/produto\/tenis-branco-e-dourado-paola-anacapri\/","title":{"rendered":"T\u00eanis Branco e Dourado Paola | Anacapri"},"content":{"rendered":"<p>A gente diz T\u00caNIS e voc\u00ea diz ?BRANCO! O modelo Paola \u00e9 o descomplicador de looks express que voc\u00ea sabe que vai ser sempre seu principal aliado na conquista de territ\u00f3rios fashionistas ainda inexplorados? Porque, mana, ele vai com T-U-D-O! O fechamento com el\u00e1stico com brilho metalizado torna o modelo ainda mais confort\u00e1vel e o detalhe em strass d\u00e1 aquele toquezinho glam que n\u00e3o vivemos sem. N\u00e3o deixa passar!<\/p>\n<div style='text-align: center'><\/div>\n<p>* Entre em contato por WhatsApp para verificar a disponibilidade do produto. Ref.: C3000003460002<\/p>\n","protected":false},"excerpt":{"rendered":"<p>Estoque indispon\u00edvel.<br \/><small>atualizado em 18\/05\/2022.<\/p>\n","protected":false},"featured_media":771,"template":"","meta":[],"product_cat":[31],"product_tag":[26],"_links":{"self":[{"href":"https:\/\/comprenowhats.com.br\/anacaprimacae\/wp-json\/wp\/v2\/product\/772"}],"collection":[{"href":"https:\/\/comprenowhats.com.br\/anacaprimacae\/wp-json\/wp\/v2\/product"}],"about":[{"href":"https:\/\/comprenowhats.com.br\/anacaprimacae\/wp-json\/wp\/v2\/types\/product"}],"wp:featuredmedia":[{"embeddable":true,"href":"https:\/\/comprenowhats.com.br\/anacaprimacae\/wp-json\/wp\/v2\/media\/771"}],"wp:attachment":[{"href":"https:\/\/comprenowhats.com.br\/anacaprimacae\/wp-json\/wp\/v2\/media?parent=772"}],"wp:term":[{"taxonomy":"product_cat","embeddable":true,"href":"https:\/\/comprenowhats.com.br\/anacaprimacae\/wp-json\/wp\/v2\/product_cat?post=772"},{"taxonomy":"product_tag","embeddable":true,"href":"https:\/\/comprenowhats.com.br\/anacaprimacae\/wp-json\/wp\/v2\/product_tag?post=772"}],"curies":[{"name":"wp","href":"https:\/\/api.w.org\/{rel}","templated":true}]}}