{"id":725,"date":"2020-07-30T15:38:11","date_gmt":"2020-07-30T18:38:11","guid":{"rendered":"https:\/\/comprenowhats.com.br\/anacaprimacae\/produto\/bota-preta-de-couro-matelasse-v-anacapri\/"},"modified":"2022-05-18T11:20:16","modified_gmt":"2022-05-18T14:20:16","slug":"bota-preta-de-couro-matelasse-v-anacapri","status":"publish","type":"product","link":"https:\/\/comprenowhats.com.br\/anacaprimacae\/produto\/bota-preta-de-couro-matelasse-v-anacapri\/","title":{"rendered":"Bota Preta De Couro Matelass\u00ea V | Anacapri"},"content":{"rendered":"<p>Voc\u00ea quer versatilidade? Achou! Bota de couro com cano curto, salto baixo e detalhe de matelass\u00ea em v promete deixar seu look perfeito, sua vida descomplicada e seu p\u00e9 quentinho! Aposta certa!<\/p>\n<div style='text-align: center'><\/div>\n<p>* Entre em contato por WhatsApp para verificar a disponibilidade do produto. Ref.: C3021800010001<\/p>\n","protected":false},"excerpt":{"rendered":"<p>Estoque indispon\u00edvel.<br \/><small>atualizado em 18\/05\/2022.<\/p>\n","protected":false},"featured_media":724,"template":"","meta":[],"product_cat":[39],"product_tag":[22,23,25,27],"_links":{"self":[{"href":"https:\/\/comprenowhats.com.br\/anacaprimacae\/wp-json\/wp\/v2\/product\/725"}],"collection":[{"href":"https:\/\/comprenowhats.com.br\/anacaprimacae\/wp-json\/wp\/v2\/product"}],"about":[{"href":"https:\/\/comprenowhats.com.br\/anacaprimacae\/wp-json\/wp\/v2\/types\/product"}],"wp:featuredmedia":[{"embeddable":true,"href":"https:\/\/comprenowhats.com.br\/anacaprimacae\/wp-json\/wp\/v2\/media\/724"}],"wp:attachment":[{"href":"https:\/\/comprenowhats.com.br\/anacaprimacae\/wp-json\/wp\/v2\/media?parent=725"}],"wp:term":[{"taxonomy":"product_cat","embeddable":true,"href":"https:\/\/comprenowhats.com.br\/anacaprimacae\/wp-json\/wp\/v2\/product_cat?post=725"},{"taxonomy":"product_tag","embeddable":true,"href":"https:\/\/comprenowhats.com.br\/anacaprimacae\/wp-json\/wp\/v2\/product_tag?post=725"}],"curies":[{"name":"wp","href":"https:\/\/api.w.org\/{rel}","templated":true}]}}