{"id":657,"date":"2020-07-30T15:36:10","date_gmt":"2020-07-30T18:36:10","guid":{"rendered":"https:\/\/comprenowhats.com.br\/anacaprimacae\/produto\/mocassim-bridao-preto\/"},"modified":"2022-05-18T11:19:54","modified_gmt":"2022-05-18T14:19:54","slug":"mocassim-bridao-preto","status":"publish","type":"product","link":"https:\/\/comprenowhats.com.br\/anacaprimacae\/produto\/mocassim-bridao-preto\/","title":{"rendered":"Mocassim Brid\u00e3o Preto"},"content":{"rendered":"<p>Algu\u00e9m disse MUST HAVE? Sa\u00eddo do guarda-roupa deles, o mocassim \u00e9 o personagem principal dos nossos looks mais cool e descomplicados. E vamos combinar: a gente arrasa muito mais, n\u00e9? Perfeito para dar um upgrade fashion no combo jeans+camiseta, ele tamb\u00e9m adiciona um perfuminho vintage para produ\u00e7\u00f5es com pe\u00e7as esvoa\u00e7antes e florais, al\u00e9m de finalizar como nenhum outro cal\u00e7ado o look total alfaiataria. N\u00e3o deixa essa passar!<\/p>\n<div style='text-align: center'><img src='https:\/\/secure-static.anacapri.com.br\/medias\/sys_master\/anacapri\/anacapri\/h55\/h72\/h00\/h00\/9590118973470\/3007500550004U-04-BASEIMAGE-Midres.jpg' style='max-height: 400px' \/><img src='https:\/\/secure-static.anacapri.com.br\/medias\/sys_master\/anacapri\/anacapri\/heb\/hc1\/h00\/h00\/9590118645790\/3007500550004U-05-BASEIMAGE-Midres.jpg' style='max-height: 400px' \/><img src='https:\/\/secure-static.anacapri.com.br\/medias\/sys_master\/anacapri\/anacapri\/h0f\/h1c\/h00\/h00\/9590118318110\/3007500550004U-06-BASEIMAGE-Midres.jpg' style='max-height: 400px' \/><\/div>\n<p>* Entre em contato por WhatsApp para verificar a disponibilidade do produto. Ref.: C3007500550004<\/p>\n","protected":false},"excerpt":{"rendered":"<p>Estoque indispon\u00edvel.<br \/><small>atualizado em 18\/05\/2022.<\/p>\n","protected":false},"featured_media":656,"template":"","meta":[],"product_cat":[38],"product_tag":[36,45,46,37],"_links":{"self":[{"href":"https:\/\/comprenowhats.com.br\/anacaprimacae\/wp-json\/wp\/v2\/product\/657"}],"collection":[{"href":"https:\/\/comprenowhats.com.br\/anacaprimacae\/wp-json\/wp\/v2\/product"}],"about":[{"href":"https:\/\/comprenowhats.com.br\/anacaprimacae\/wp-json\/wp\/v2\/types\/product"}],"wp:featuredmedia":[{"embeddable":true,"href":"https:\/\/comprenowhats.com.br\/anacaprimacae\/wp-json\/wp\/v2\/media\/656"}],"wp:attachment":[{"href":"https:\/\/comprenowhats.com.br\/anacaprimacae\/wp-json\/wp\/v2\/media?parent=657"}],"wp:term":[{"taxonomy":"product_cat","embeddable":true,"href":"https:\/\/comprenowhats.com.br\/anacaprimacae\/wp-json\/wp\/v2\/product_cat?post=657"},{"taxonomy":"product_tag","embeddable":true,"href":"https:\/\/comprenowhats.com.br\/anacaprimacae\/wp-json\/wp\/v2\/product_tag?post=657"}],"curies":[{"name":"wp","href":"https:\/\/api.w.org\/{rel}","templated":true}]}}