{"id":633,"date":"2020-07-30T15:34:59","date_gmt":"2020-07-30T18:34:59","guid":{"rendered":"https:\/\/comprenowhats.com.br\/anacaprimacae\/produto\/mule-amarracao-paprica-anacapri\/"},"modified":"2022-05-18T11:19:46","modified_gmt":"2022-05-18T14:19:46","slug":"mule-amarracao-paprica-anacapri","status":"publish","type":"product","link":"https:\/\/comprenowhats.com.br\/anacaprimacae\/produto\/mule-amarracao-paprica-anacapri\/","title":{"rendered":"Mule Amarra\u00e7\u00e3o P\u00e1prica | Anacapri"},"content":{"rendered":"<p>Office look moderno? Sim! Produ\u00e7\u00e3o elegante pro findi? Tamb\u00e9m! A mule com recortes inspirados no mocassim e detalhe em amarra\u00e7\u00e3o no peito do p\u00e9 \u00e9 perfeita para os sete dias da semana. O pespontado com ares handmade e a ponteira met\u00e1lica adicionam informa\u00e7\u00e3o de moda a esse modelo vers\u00e1til, pr\u00e1tico e descomplicado que tem um lugar especial no nosso guarda-roupa. J\u00e1 tem um pra chamar de seu?<\/p>\n<div style='text-align: center'><\/div>\n<p>* Entre em contato por WhatsApp para verificar a disponibilidade do produto. Ref.: C3002902520003<\/p>\n","protected":false},"excerpt":{"rendered":"<p>Estoque indispon\u00edvel.<br \/><small>atualizado em 18\/05\/2022.<\/p>\n","protected":false},"featured_media":632,"template":"","meta":[],"product_cat":[34],"product_tag":[22,23],"_links":{"self":[{"href":"https:\/\/comprenowhats.com.br\/anacaprimacae\/wp-json\/wp\/v2\/product\/633"}],"collection":[{"href":"https:\/\/comprenowhats.com.br\/anacaprimacae\/wp-json\/wp\/v2\/product"}],"about":[{"href":"https:\/\/comprenowhats.com.br\/anacaprimacae\/wp-json\/wp\/v2\/types\/product"}],"wp:featuredmedia":[{"embeddable":true,"href":"https:\/\/comprenowhats.com.br\/anacaprimacae\/wp-json\/wp\/v2\/media\/632"}],"wp:attachment":[{"href":"https:\/\/comprenowhats.com.br\/anacaprimacae\/wp-json\/wp\/v2\/media?parent=633"}],"wp:term":[{"taxonomy":"product_cat","embeddable":true,"href":"https:\/\/comprenowhats.com.br\/anacaprimacae\/wp-json\/wp\/v2\/product_cat?post=633"},{"taxonomy":"product_tag","embeddable":true,"href":"https:\/\/comprenowhats.com.br\/anacaprimacae\/wp-json\/wp\/v2\/product_tag?post=633"}],"curies":[{"name":"wp","href":"https:\/\/api.w.org\/{rel}","templated":true}]}}