{"id":468,"date":"2020-07-30T15:09:01","date_gmt":"2020-07-30T18:09:01","guid":{"rendered":"https:\/\/comprenowhats.com.br\/anacaprimacae\/produto\/mini-tote-capri-tricolor\/"},"modified":"2021-10-21T13:25:46","modified_gmt":"2021-10-21T16:25:46","slug":"mini-tote-capri-tricolor","status":"publish","type":"product","link":"https:\/\/comprenowhats.com.br\/anacaprimacae\/produto\/mini-tote-capri-tricolor\/","title":{"rendered":"Mini Tote Capri Tricolor"},"content":{"rendered":"<p>A abertura, as al\u00e7as, as cores. Tudo \u00e9 milimetricamente pensado para que voc\u00ea n\u00e3o tenha que pensar nada milimetricamente. Do tipo que fica bem com tudo, do tipo que funciona em qualquer ocasi\u00e3o. Do tipo que voc\u00ea n\u00e3o vai conseguir desgrudar!<\/p>\n<div style='text-align: center'><img src='https:\/\/secure-static.anacapri.com.br\/medias\/sys_master\/anacapri\/anacapri\/h76\/h6a\/h00\/h00\/9339942862878\/5001200180007U-04-BASEIMAGE-Midres.jpg' style='max-height: 400px' \/><img src='https:\/\/secure-static.anacapri.com.br\/medias\/sys_master\/anacapri\/anacapri\/hd4\/h06\/h00\/h00\/9339943190558\/5001200180007U-05-BASEIMAGE-Midres.jpg' style='max-height: 400px' \/><img src='https:\/\/secure-static.anacapri.com.br\/medias\/sys_master\/anacapri\/anacapri\/h8a\/ha8\/h00\/h00\/9328483041310\/5001200180007U-06-BASEIMAGE-Midres.jpg' style='max-height: 400px' \/><\/div>\n<p>* Entre em contato por WhatsApp para verificar a disponibilidade do produto. Ref.: C5001200180007<\/p>\n","protected":false},"excerpt":{"rendered":"<p>Estoque indispon\u00edvel.<br \/><small>atualizado em 21\/10\/2021.<\/p>\n","protected":false},"featured_media":467,"template":"","meta":[],"product_cat":[33],"product_tag":[],"_links":{"self":[{"href":"https:\/\/comprenowhats.com.br\/anacaprimacae\/wp-json\/wp\/v2\/product\/468"}],"collection":[{"href":"https:\/\/comprenowhats.com.br\/anacaprimacae\/wp-json\/wp\/v2\/product"}],"about":[{"href":"https:\/\/comprenowhats.com.br\/anacaprimacae\/wp-json\/wp\/v2\/types\/product"}],"wp:featuredmedia":[{"embeddable":true,"href":"https:\/\/comprenowhats.com.br\/anacaprimacae\/wp-json\/wp\/v2\/media\/467"}],"wp:attachment":[{"href":"https:\/\/comprenowhats.com.br\/anacaprimacae\/wp-json\/wp\/v2\/media?parent=468"}],"wp:term":[{"taxonomy":"product_cat","embeddable":true,"href":"https:\/\/comprenowhats.com.br\/anacaprimacae\/wp-json\/wp\/v2\/product_cat?post=468"},{"taxonomy":"product_tag","embeddable":true,"href":"https:\/\/comprenowhats.com.br\/anacaprimacae\/wp-json\/wp\/v2\/product_tag?post=468"}],"curies":[{"name":"wp","href":"https:\/\/api.w.org\/{rel}","templated":true}]}}