{"id":2220,"date":"2022-05-18T11:07:51","date_gmt":"2022-05-18T14:07:51","guid":{"rendered":"https:\/\/comprenowhats.com.br\/anacaprimacae\/produto\/tenis-palha-caramelo-flatform-bia\/"},"modified":"2022-05-18T11:09:50","modified_gmt":"2022-05-18T14:09:50","slug":"tenis-palha-caramelo-flatform-bia","status":"publish","type":"product","link":"https:\/\/comprenowhats.com.br\/anacaprimacae\/produto\/tenis-palha-caramelo-flatform-bia\/","title":{"rendered":"T\u00eanis Palha Caramelo Flatform Bia"},"content":{"rendered":"<p>O que \u00e9 isso, minha gente? N\u00e3o basta ser um t\u00eanis e ter todas as caracter\u00edsticas dessa pe\u00e7a que amamos (conforto, estilo, cara de urbano) mas tamb\u00e9m tem que esfregar na cara da sociedade esse solado de corda, esse corpo de palha que \u00e9 mega tend\u00eancia, os toques de cor natural, (que \u00e9 tudo que a gente quer)? A alternativa \u00e9 come\u00e7ar a pensar com quantos, quando e quais looks vai usar quando essa del\u00edcia perfeita chegar na sua porta!<\/p>\n<div style='text-align: center'><img src='https:\/\/secure-static.anacapri.com.br\/medias\/sys_master\/anacapri\/anacapri\/h3d\/ha0\/h00\/h00\/9464802017310\/3011500360002U-04-BASEIMAGE-Midres.jpg' style='max-height: 400px' \/><img src='https:\/\/secure-static.anacapri.com.br\/medias\/sys_master\/anacapri\/anacapri\/hbd\/h9b\/h00\/h00\/9464801361950\/3011500360002U-05-BASEIMAGE-Midres.jpg' style='max-height: 400px' \/><img src='https:\/\/secure-static.anacapri.com.br\/medias\/sys_master\/anacapri\/anacapri\/h8e\/h3d\/h00\/h00\/9464801034270\/3011500360002U-06-BASEIMAGE-Midres.jpg' style='max-height: 400px' \/><\/div>\n<p>* Entre em contato por WhatsApp para verificar a disponibilidade do produto. Ref.: C3011500360002<\/p>\n","protected":false},"excerpt":{"rendered":"<p>Estoque dispon\u00edvel no tamanho: 39.<br \/><small>atualizado em 18\/05\/2022.<\/p>\n","protected":false},"featured_media":2219,"template":"","meta":[],"product_cat":[80],"product_tag":[27],"_links":{"self":[{"href":"https:\/\/comprenowhats.com.br\/anacaprimacae\/wp-json\/wp\/v2\/product\/2220"}],"collection":[{"href":"https:\/\/comprenowhats.com.br\/anacaprimacae\/wp-json\/wp\/v2\/product"}],"about":[{"href":"https:\/\/comprenowhats.com.br\/anacaprimacae\/wp-json\/wp\/v2\/types\/product"}],"wp:featuredmedia":[{"embeddable":true,"href":"https:\/\/comprenowhats.com.br\/anacaprimacae\/wp-json\/wp\/v2\/media\/2219"}],"wp:attachment":[{"href":"https:\/\/comprenowhats.com.br\/anacaprimacae\/wp-json\/wp\/v2\/media?parent=2220"}],"wp:term":[{"taxonomy":"product_cat","embeddable":true,"href":"https:\/\/comprenowhats.com.br\/anacaprimacae\/wp-json\/wp\/v2\/product_cat?post=2220"},{"taxonomy":"product_tag","embeddable":true,"href":"https:\/\/comprenowhats.com.br\/anacaprimacae\/wp-json\/wp\/v2\/product_tag?post=2220"}],"curies":[{"name":"wp","href":"https:\/\/api.w.org\/{rel}","templated":true}]}}