{"id":1286,"date":"2020-12-11T14:44:11","date_gmt":"2020-12-11T17:44:11","guid":{"rendered":"https:\/\/comprenowhats.com.br\/anacaprimacae\/produto\/slide-preto-metal-glam\/"},"modified":"2022-05-18T11:45:53","modified_gmt":"2022-05-18T14:45:53","slug":"slide-preto-metal-glam","status":"publish","type":"product","link":"https:\/\/comprenowhats.com.br\/anacaprimacae\/produto\/slide-preto-metal-glam\/","title":{"rendered":"Slide Preto Metal Glam"},"content":{"rendered":"<p>Slide preto de pl\u00e1stico. O modelo tem solado alto, que afina na altura dos dedos. Traz tira larga sobre o peito do p\u00e9, com aplica\u00e7\u00e3o de tachas prateadas de formatos diversos. Deixa dedos, laterais do p\u00e9 e calcanhar \u00e0 mostra e apresenta ainda inscri\u00e7\u00e3o do nome da marca na palmilha.<\/p>\n<p><b>Porque Apostar<\/b><\/br><\/br>Unindo conforto e estilo, o slide tem tira glam com tachas mega trendy! Para usar em casa, na praia ou na cidade, n\u00e3o importa, vai ser seu novo bff da temporada! Voc\u00ea n\u00e3o vai mais querer tirar dos p\u00e9s, mana!<\/p>\n<div style='text-align: center'><img src='https:\/\/secure-static.anacapri.com.br\/medias\/sys_master\/anacapri\/anacapri\/hcc\/hb4\/h00\/h00\/9931927322654\/3024000040004U-03-BASEIMAGE-Midres.jpg' style='max-height: 400px' \/><img src='https:\/\/secure-static.anacapri.com.br\/medias\/sys_master\/anacapri\/anacapri\/h9d\/hfb\/h00\/h00\/9931927650334\/3024000040004U-04-BASEIMAGE-Midres.jpg' style='max-height: 400px' \/><img src='https:\/\/secure-static.anacapri.com.br\/medias\/sys_master\/anacapri\/anacapri\/h06\/h49\/h00\/h00\/9931927978014\/3024000040004U-05-BASEIMAGE-Midres.jpg' style='max-height: 400px' \/><img src='https:\/\/secure-static.anacapri.com.br\/medias\/sys_master\/anacapri\/anacapri\/h72\/h0a\/h00\/h00\/9931928305694\/3024000040004U-06-BASEIMAGE-Midres.jpg' style='max-height: 400px' \/><img src='https:\/\/secure-static.anacapri.com.br\/medias\/sys_master\/anacapri\/anacapri\/h07\/h5a\/h00\/h00\/9931928633374\/3024000040004U-07-BASEIMAGE-Midres.jpg' style='max-height: 400px' \/><img src='https:\/\/secure-static.anacapri.com.br\/medias\/sys_master\/anacapri\/anacapri\/h9d\/ha9\/h00\/h00\/9931928961054\/3024000040004U-08-BASEIMAGE-Midres.jpg' style='max-height: 400px' \/><\/div>\n<p>* Entre em contato por WhatsApp para verificar a disponibilidade do produto. Ref.: C3024000040004<\/p>\n","protected":false},"excerpt":{"rendered":"<p>Estoque indispon\u00edvel.<br \/><small>atualizado em 18\/05\/2022.<\/p>\n","protected":false},"featured_media":1285,"template":"","meta":[],"product_cat":[49],"product_tag":[22],"_links":{"self":[{"href":"https:\/\/comprenowhats.com.br\/anacaprimacae\/wp-json\/wp\/v2\/product\/1286"}],"collection":[{"href":"https:\/\/comprenowhats.com.br\/anacaprimacae\/wp-json\/wp\/v2\/product"}],"about":[{"href":"https:\/\/comprenowhats.com.br\/anacaprimacae\/wp-json\/wp\/v2\/types\/product"}],"wp:featuredmedia":[{"embeddable":true,"href":"https:\/\/comprenowhats.com.br\/anacaprimacae\/wp-json\/wp\/v2\/media\/1285"}],"wp:attachment":[{"href":"https:\/\/comprenowhats.com.br\/anacaprimacae\/wp-json\/wp\/v2\/media?parent=1286"}],"wp:term":[{"taxonomy":"product_cat","embeddable":true,"href":"https:\/\/comprenowhats.com.br\/anacaprimacae\/wp-json\/wp\/v2\/product_cat?post=1286"},{"taxonomy":"product_tag","embeddable":true,"href":"https:\/\/comprenowhats.com.br\/anacaprimacae\/wp-json\/wp\/v2\/product_tag?post=1286"}],"curies":[{"name":"wp","href":"https:\/\/api.w.org\/{rel}","templated":true}]}}