{"id":1284,"date":"2020-12-11T14:44:10","date_gmt":"2020-12-11T17:44:10","guid":{"rendered":"https:\/\/comprenowhats.com.br\/anacaprimacae\/produto\/tenis-slip-on-preto-knit\/"},"modified":"2022-05-18T11:45:53","modified_gmt":"2022-05-18T14:45:53","slug":"tenis-slip-on-preto-knit","status":"publish","type":"product","link":"https:\/\/comprenowhats.com.br\/anacaprimacae\/produto\/tenis-slip-on-preto-knit\/","title":{"rendered":"T\u00eanis Slip On Preto Knit"},"content":{"rendered":"<p>T\u00eanis slip on preto em tecido knit. O modelo tem solado esportivo emborrachado branco, com base tratorada. De bico redondo, traz cano estilo meia, que facilita o calce, al\u00e9m de tag marrom discreta com o nome da marca na lateral traseira. <\/p>\n<p><b>Porque Apostar<\/b><\/br><\/br>Com mood esportivo, o t\u00eanis slip on em knit \u00e9 mega confort\u00e1vel e pr\u00e1tico de cal\u00e7ar, perfeito para descomplicar os looks do dia a dia! Combine com jeans para um visual basiquinho e com saia para uma produ\u00e7\u00e3o com toque urbano. Aquele modelo que a gente n\u00e3o quer mais tirar do p\u00e9! Pode apostar, mana!<\/p>\n<div style='text-align: center'><img src='https:\/\/secure-static.anacapri.com.br\/medias\/sys_master\/anacapri\/anacapri\/he9\/h01\/h00\/h00\/9969928765470\/3024200010001U-04-BASEIMAGE-Midres.jpg' style='max-height: 400px' \/><img src='https:\/\/secure-static.anacapri.com.br\/medias\/sys_master\/anacapri\/anacapri\/h23\/h12\/h00\/h00\/9969928929310\/3024200010001U-05-BASEIMAGE-Midres.jpg' style='max-height: 400px' \/><img src='https:\/\/secure-static.anacapri.com.br\/medias\/sys_master\/anacapri\/anacapri\/hb9\/h61\/h00\/h00\/9969929093150\/3024200010001U-06-BASEIMAGE-Midres.jpg' style='max-height: 400px' \/><img src='https:\/\/secure-static.anacapri.com.br\/medias\/sys_master\/anacapri\/anacapri\/hf2\/ha3\/h00\/h00\/9969929256990\/3024200010001U-07-BASEIMAGE-Midres.jpg' style='max-height: 400px' \/><img src='https:\/\/secure-static.anacapri.com.br\/medias\/sys_master\/anacapri\/anacapri\/hc3\/h56\/h00\/h00\/9969929420830\/3024200010001U-08-BASEIMAGE-Midres.jpg' style='max-height: 400px' \/><\/div>\n<p>* Entre em contato por WhatsApp para verificar a disponibilidade do produto. Ref.: C3024200010001<\/p>\n","protected":false},"excerpt":{"rendered":"<p>Estoque indispon\u00edvel.<br \/><small>atualizado em 18\/05\/2022.<\/p>\n","protected":false},"featured_media":1283,"template":"","meta":[],"product_cat":[50],"product_tag":[22,25],"_links":{"self":[{"href":"https:\/\/comprenowhats.com.br\/anacaprimacae\/wp-json\/wp\/v2\/product\/1284"}],"collection":[{"href":"https:\/\/comprenowhats.com.br\/anacaprimacae\/wp-json\/wp\/v2\/product"}],"about":[{"href":"https:\/\/comprenowhats.com.br\/anacaprimacae\/wp-json\/wp\/v2\/types\/product"}],"wp:featuredmedia":[{"embeddable":true,"href":"https:\/\/comprenowhats.com.br\/anacaprimacae\/wp-json\/wp\/v2\/media\/1283"}],"wp:attachment":[{"href":"https:\/\/comprenowhats.com.br\/anacaprimacae\/wp-json\/wp\/v2\/media?parent=1284"}],"wp:term":[{"taxonomy":"product_cat","embeddable":true,"href":"https:\/\/comprenowhats.com.br\/anacaprimacae\/wp-json\/wp\/v2\/product_cat?post=1284"},{"taxonomy":"product_tag","embeddable":true,"href":"https:\/\/comprenowhats.com.br\/anacaprimacae\/wp-json\/wp\/v2\/product_tag?post=1284"}],"curies":[{"name":"wp","href":"https:\/\/api.w.org\/{rel}","templated":true}]}}