{"id":1276,"date":"2020-12-11T14:44:04","date_gmt":"2020-12-11T17:44:04","guid":{"rendered":"https:\/\/comprenowhats.com.br\/anacaprimacae\/produto\/tiracolo-verde-media-saco\/"},"modified":"2022-05-18T11:34:44","modified_gmt":"2022-05-18T14:34:44","slug":"tiracolo-verde-media-saco","status":"publish","type":"product","link":"https:\/\/comprenowhats.com.br\/anacaprimacae\/produto\/tiracolo-verde-media-saco\/","title":{"rendered":"Tiracolo Verde M\u00e9dia Saco"},"content":{"rendered":"<p>Bolsa tiracolo m\u00e9dia verde. O modelo tem formato desestruturado e molinho, estilo saco, e al\u00e7a lateral em tira fina bombada com costura aparente. Traz fecho superior em z\u00edper e puxador, al\u00e9m de bot\u00e3o de press\u00e3o interno.<\/p>\n<p><b>Porque Apostar<\/b><\/br><\/br>A crossbody tem shape volumoso e molinho e insere um toque retr\u00f4 nos looks do dia a dia! Espa\u00e7osa, \u00e9 perfeita para carregar tudo o que voc\u00ea precisa por a\u00ed e fica linda usada na transversal! Aposte em jeans + mule + camisa + acess\u00f3rios animal print para uma produ\u00e7\u00e3o elegante, fashion e comfy.<\/p>\n<div style='text-align: center'><img src='https:\/\/secure-static.anacapri.com.br\/medias\/sys_master\/anacapri\/anacapri\/hec\/h3d\/h00\/h00\/9944909578270\/5001601660005U-04-BASEIMAGE-Midres.jpg' style='max-height: 400px' \/><img src='https:\/\/secure-static.anacapri.com.br\/medias\/sys_master\/anacapri\/anacapri\/h6f\/h7d\/h00\/h00\/9944909250590\/5001601660005U-05-BASEIMAGE-Midres.jpg' style='max-height: 400px' \/><img src='https:\/\/secure-static.anacapri.com.br\/medias\/sys_master\/anacapri\/anacapri\/he2\/h48\/h00\/h00\/9944909905950\/5001601660005U-07-BASEIMAGE-Midres.jpg' style='max-height: 400px' \/><img src='https:\/\/secure-static.anacapri.com.br\/medias\/sys_master\/anacapri\/anacapri\/h45\/h88\/h00\/h00\/9944910233630\/5001601660005U-08-BASEIMAGE-Midres.jpg' style='max-height: 400px' \/><\/div>\n<p>* Entre em contato por WhatsApp para verificar a disponibilidade do produto. Ref.: C5001601660005<\/p>\n","protected":false},"excerpt":{"rendered":"<p>Estoque indispon\u00edvel.<br \/><small>atualizado em 18\/05\/2022.<\/p>\n","protected":false},"featured_media":1275,"template":"","meta":[],"product_cat":[32],"product_tag":[],"_links":{"self":[{"href":"https:\/\/comprenowhats.com.br\/anacaprimacae\/wp-json\/wp\/v2\/product\/1276"}],"collection":[{"href":"https:\/\/comprenowhats.com.br\/anacaprimacae\/wp-json\/wp\/v2\/product"}],"about":[{"href":"https:\/\/comprenowhats.com.br\/anacaprimacae\/wp-json\/wp\/v2\/types\/product"}],"wp:featuredmedia":[{"embeddable":true,"href":"https:\/\/comprenowhats.com.br\/anacaprimacae\/wp-json\/wp\/v2\/media\/1275"}],"wp:attachment":[{"href":"https:\/\/comprenowhats.com.br\/anacaprimacae\/wp-json\/wp\/v2\/media?parent=1276"}],"wp:term":[{"taxonomy":"product_cat","embeddable":true,"href":"https:\/\/comprenowhats.com.br\/anacaprimacae\/wp-json\/wp\/v2\/product_cat?post=1276"},{"taxonomy":"product_tag","embeddable":true,"href":"https:\/\/comprenowhats.com.br\/anacaprimacae\/wp-json\/wp\/v2\/product_tag?post=1276"}],"curies":[{"name":"wp","href":"https:\/\/api.w.org\/{rel}","templated":true}]}}