{"id":1260,"date":"2020-12-11T14:43:52","date_gmt":"2020-12-11T17:43:52","guid":{"rendered":"https:\/\/comprenowhats.com.br\/anacaprimacae\/produto\/tenis-slip-on-rosa-ana-de-acucar\/"},"modified":"2022-05-18T11:33:33","modified_gmt":"2022-05-18T14:33:33","slug":"tenis-slip-on-rosa-ana-de-acucar","status":"publish","type":"product","link":"https:\/\/comprenowhats.com.br\/anacaprimacae\/produto\/tenis-slip-on-rosa-ana-de-acucar\/","title":{"rendered":"T\u00eanis Slip On Rosa Ana de A\u00e7ucar"},"content":{"rendered":"<p>Ana de a\u00e7\u00facar \u00e9 o primeiro cal\u00e7ado produzido no Brasil que \u00e9 todo feito de uma resina produzida a partir da cana-de-a\u00e7\u00facar, de origem 100% renov\u00e1vel. Essa resina leva o nome de EVA Verde e apresenta caracter\u00edsticas como flexibilidade, leveza e resist\u00eancia. Ana de a\u00e7\u00facar, gentil com voc\u00ea, gentil com o planeta.<\/p>\n<div style='text-align: center'><img src='https:\/\/secure-static.anacapri.com.br\/medias\/sys_master\/anacapri\/anacapri\/h55\/h70\/h00\/h00\/9920584712222\/3023100010002U-03-BASEIMAGE-Midres.jpg' style='max-height: 400px' \/><img src='https:\/\/secure-static.anacapri.com.br\/medias\/sys_master\/anacapri\/anacapri\/hcb\/h3a\/h00\/h00\/9920584876062\/3023100010002U-04-BASEIMAGE-Midres.jpg' style='max-height: 400px' \/><img src='https:\/\/secure-static.anacapri.com.br\/medias\/sys_master\/anacapri\/anacapri\/hbf\/he4\/h00\/h00\/9920585039902\/3023100010002U-05-BASEIMAGE-Midres.jpg' style='max-height: 400px' \/><img src='https:\/\/secure-static.anacapri.com.br\/medias\/sys_master\/anacapri\/anacapri\/hb4\/h31\/h00\/h00\/9920585203742\/3023100010002U-06-BASEIMAGE-Midres.jpg' style='max-height: 400px' \/><img src='https:\/\/secure-static.anacapri.com.br\/medias\/sys_master\/anacapri\/anacapri\/hd5\/hdc\/h00\/h00\/9920585367582\/3023100010002U-07-BASEIMAGE-Midres.jpg' style='max-height: 400px' \/><img src='https:\/\/secure-static.anacapri.com.br\/medias\/sys_master\/anacapri\/anacapri\/he0\/h1d\/h00\/h00\/9920585531422\/3023100010002U-08-BASEIMAGE-Midres.jpg' style='max-height: 400px' \/><img src='https:\/\/secure-static.anacapri.com.br\/medias\/sys_master\/anacapri\/anacapri\/h33\/hfe\/h00\/h00\/9918153424926\/3023100010002U-10-BASEIMAGE-Midres.png' style='max-height: 400px' \/><img src='https:\/\/secure-static.anacapri.com.br\/medias\/sys_master\/anacapri\/anacapri\/h9d\/hae\/h00\/h00\/9918153752606\/3023100010002U-11-BASEIMAGE-Midres.png' style='max-height: 400px' \/><img src='https:\/\/secure-static.anacapri.com.br\/medias\/sys_master\/anacapri\/anacapri\/ha7\/h92\/h00\/h00\/9918154080286\/3023100010002U-12-BASEIMAGE-Midres.png' style='max-height: 400px' \/><img src='https:\/\/secure-static.anacapri.com.br\/medias\/sys_master\/anacapri\/anacapri\/h71\/h57\/h00\/h00\/9918154407966\/3023100010002U-13-BASEIMAGE-Midres.png' style='max-height: 400px' \/><\/div>\n<p>* Entre em contato por WhatsApp para verificar a disponibilidade do produto. Ref.: C3023100010002<\/p>\n","protected":false},"excerpt":{"rendered":"<p>Estoque dispon\u00edvel nos tamanhos: 34, 35, 36, 37, 38, 39.<br \/><small>atualizado em 18\/05\/2022.<\/p>\n","protected":false},"featured_media":1259,"template":"","meta":[],"product_cat":[50],"product_tag":[22,23,24,25,26,27],"_links":{"self":[{"href":"https:\/\/comprenowhats.com.br\/anacaprimacae\/wp-json\/wp\/v2\/product\/1260"}],"collection":[{"href":"https:\/\/comprenowhats.com.br\/anacaprimacae\/wp-json\/wp\/v2\/product"}],"about":[{"href":"https:\/\/comprenowhats.com.br\/anacaprimacae\/wp-json\/wp\/v2\/types\/product"}],"wp:featuredmedia":[{"embeddable":true,"href":"https:\/\/comprenowhats.com.br\/anacaprimacae\/wp-json\/wp\/v2\/media\/1259"}],"wp:attachment":[{"href":"https:\/\/comprenowhats.com.br\/anacaprimacae\/wp-json\/wp\/v2\/media?parent=1260"}],"wp:term":[{"taxonomy":"product_cat","embeddable":true,"href":"https:\/\/comprenowhats.com.br\/anacaprimacae\/wp-json\/wp\/v2\/product_cat?post=1260"},{"taxonomy":"product_tag","embeddable":true,"href":"https:\/\/comprenowhats.com.br\/anacaprimacae\/wp-json\/wp\/v2\/product_tag?post=1260"}],"curies":[{"name":"wp","href":"https:\/\/api.w.org\/{rel}","templated":true}]}}