{"id":1256,"date":"2020-12-11T14:43:49","date_gmt":"2020-12-11T17:43:49","guid":{"rendered":"https:\/\/comprenowhats.com.br\/anacaprimacae\/produto\/rasteira-dourada-tiras-manta-brilhosa\/"},"modified":"2022-05-18T12:07:27","modified_gmt":"2022-05-18T15:07:27","slug":"rasteira-dourada-tiras-manta-brilhosa","status":"publish","type":"product","link":"https:\/\/comprenowhats.com.br\/anacaprimacae\/produto\/rasteira-dourada-tiras-manta-brilhosa\/","title":{"rendered":"Rasteira Dourada Tiras Manta Brilhosa"},"content":{"rendered":"<p>BRILHOSA! A rasteira com shape geom\u00e9trico e tiras transpassadas com aplica\u00e7\u00e3o de mini manta vem com palmilha luminosa, ou seja: BRILHOS+BRILHOS. Super glam, ela combina com looks despojados e tamb\u00e9m com aquele look poderoso pra noite &#8211; porque a gente sabe que n\u00e3o existe nada mais chic do que estar confort\u00e1vel! Bora brilhar ainda mais?<\/p>\n<div style='text-align: center'><img src='https:\/\/secure-static.anacapri.com.br\/medias\/sys_master\/anacapri\/anacapri\/hc4\/h09\/h00\/h00\/9884242346014\/3015700290004U-04-BASEIMAGE-Midres.jpg' style='max-height: 400px' \/><img src='https:\/\/secure-static.anacapri.com.br\/medias\/sys_master\/anacapri\/anacapri\/h16\/h9c\/h00\/h00\/9884242673694\/3015700290004U-05-BASEIMAGE-Midres.jpg' style='max-height: 400px' \/><img src='https:\/\/secure-static.anacapri.com.br\/medias\/sys_master\/anacapri\/anacapri\/hc5\/h1a\/h00\/h00\/9884243001374\/3015700290004U-06-BASEIMAGE-Midres.jpg' style='max-height: 400px' \/><img src='https:\/\/secure-static.anacapri.com.br\/medias\/sys_master\/anacapri\/anacapri\/h95\/ha0\/h00\/h00\/9884243329054\/3015700290004U-07-BASEIMAGE-Midres.jpg' style='max-height: 400px' \/><img src='https:\/\/secure-static.anacapri.com.br\/medias\/sys_master\/anacapri\/anacapri\/hc5\/hfe\/h00\/h00\/9884243656734\/3015700290004U-08-BASEIMAGE-Midres.jpg' style='max-height: 400px' \/><\/div>\n<p>* Entre em contato por WhatsApp para verificar a disponibilidade do produto. Ref.: C3015700290004<\/p>\n","protected":false},"excerpt":{"rendered":"<p>Estoque indispon\u00edvel.<br \/><small>atualizado em 18\/05\/2022.<\/p>\n","protected":false},"featured_media":1255,"template":"","meta":[],"product_cat":[49],"product_tag":[25,27],"_links":{"self":[{"href":"https:\/\/comprenowhats.com.br\/anacaprimacae\/wp-json\/wp\/v2\/product\/1256"}],"collection":[{"href":"https:\/\/comprenowhats.com.br\/anacaprimacae\/wp-json\/wp\/v2\/product"}],"about":[{"href":"https:\/\/comprenowhats.com.br\/anacaprimacae\/wp-json\/wp\/v2\/types\/product"}],"wp:featuredmedia":[{"embeddable":true,"href":"https:\/\/comprenowhats.com.br\/anacaprimacae\/wp-json\/wp\/v2\/media\/1255"}],"wp:attachment":[{"href":"https:\/\/comprenowhats.com.br\/anacaprimacae\/wp-json\/wp\/v2\/media?parent=1256"}],"wp:term":[{"taxonomy":"product_cat","embeddable":true,"href":"https:\/\/comprenowhats.com.br\/anacaprimacae\/wp-json\/wp\/v2\/product_cat?post=1256"},{"taxonomy":"product_tag","embeddable":true,"href":"https:\/\/comprenowhats.com.br\/anacaprimacae\/wp-json\/wp\/v2\/product_tag?post=1256"}],"curies":[{"name":"wp","href":"https:\/\/api.w.org\/{rel}","templated":true}]}}