{"id":1218,"date":"2020-12-11T14:43:21","date_gmt":"2020-12-11T17:43:21","guid":{"rendered":"https:\/\/comprenowhats.com.br\/anacaprimacae\/produto\/tenis-bege-juta-mule-ale\/"},"modified":"2022-05-18T11:45:50","modified_gmt":"2022-05-18T14:45:50","slug":"tenis-bege-juta-mule-ale","status":"publish","type":"product","link":"https:\/\/comprenowhats.com.br\/anacaprimacae\/produto\/tenis-bege-juta-mule-ale\/","title":{"rendered":"T\u00eanis Bege Juta Mule Al\u00ea"},"content":{"rendered":"<p>T\u00eanis bege em juta de corda. O modelo tem solado baixo flatform emborrachado branco, com frente e biqueira em alto-relevo e duas riscas laterais pretas, al\u00e9m de detalhe ANACAPRI na parte traseira. Aberto no calcanhar, traz formato mule e fita de gorgur\u00e3o por todo o contorno. De bico redondo, o t\u00eanis tem el\u00e1stico largo sobre a l\u00edngua, que facilita o calce, e tag marrom discreta do nome da marca na lateral do cabedal.<\/p>\n<p><b>Porque Apostar<\/b><\/br><\/br>Bem fashion, o t\u00eanis tem shape mule e une conforto, estilo e praticidade. F\u00e1cil de cal\u00e7ar, \u00e9 perfeito para usar em casa, para um passeio ou at\u00e9 no office mais descontra\u00eddo. Fica lindo tanto com jeans, como com pe\u00e7as bem fresquinhas, a cara da esta\u00e7\u00e3o! Voc\u00ea n\u00e3o vai querer tirar dos p\u00e9s, mana!<\/p>\n<div style='text-align: center'><img src='https:\/\/secure-static.anacapri.com.br\/medias\/sys_master\/anacapri\/anacapri\/h10\/hb2\/h00\/h00\/9932004851742\/3023000020009U-03-BASEIMAGE-Midres.jpg' style='max-height: 400px' \/><img src='https:\/\/secure-static.anacapri.com.br\/medias\/sys_master\/anacapri\/anacapri\/hc1\/h0a\/h00\/h00\/9932005179422\/3023000020009U-04-BASEIMAGE-Midres.jpg' style='max-height: 400px' \/><img src='https:\/\/secure-static.anacapri.com.br\/medias\/sys_master\/anacapri\/anacapri\/h91\/had\/h00\/h00\/9932005507102\/3023000020009U-05-BASEIMAGE-Midres.jpg' style='max-height: 400px' \/><img src='https:\/\/secure-static.anacapri.com.br\/medias\/sys_master\/anacapri\/anacapri\/hb5\/h07\/h00\/h00\/9932005834782\/3023000020009U-06-BASEIMAGE-Midres.jpg' style='max-height: 400px' \/><img src='https:\/\/secure-static.anacapri.com.br\/medias\/sys_master\/anacapri\/anacapri\/h57\/h6b\/h00\/h00\/9932006162462\/3023000020009U-07-BASEIMAGE-Midres.jpg' style='max-height: 400px' \/><img src='https:\/\/secure-static.anacapri.com.br\/medias\/sys_master\/anacapri\/anacapri\/hed\/hba\/h00\/h00\/9932006490142\/3023000020009U-08-BASEIMAGE-Midres.jpg' style='max-height: 400px' \/><\/div>\n<p>* Entre em contato por WhatsApp para verificar a disponibilidade do produto. Ref.: C3023000020009<\/p>\n","protected":false},"excerpt":{"rendered":"<p>Estoque indispon\u00edvel.<br \/><small>atualizado em 18\/05\/2022.<\/p>\n","protected":false},"featured_media":1217,"template":"","meta":[],"product_cat":[50],"product_tag":[23],"_links":{"self":[{"href":"https:\/\/comprenowhats.com.br\/anacaprimacae\/wp-json\/wp\/v2\/product\/1218"}],"collection":[{"href":"https:\/\/comprenowhats.com.br\/anacaprimacae\/wp-json\/wp\/v2\/product"}],"about":[{"href":"https:\/\/comprenowhats.com.br\/anacaprimacae\/wp-json\/wp\/v2\/types\/product"}],"wp:featuredmedia":[{"embeddable":true,"href":"https:\/\/comprenowhats.com.br\/anacaprimacae\/wp-json\/wp\/v2\/media\/1217"}],"wp:attachment":[{"href":"https:\/\/comprenowhats.com.br\/anacaprimacae\/wp-json\/wp\/v2\/media?parent=1218"}],"wp:term":[{"taxonomy":"product_cat","embeddable":true,"href":"https:\/\/comprenowhats.com.br\/anacaprimacae\/wp-json\/wp\/v2\/product_cat?post=1218"},{"taxonomy":"product_tag","embeddable":true,"href":"https:\/\/comprenowhats.com.br\/anacaprimacae\/wp-json\/wp\/v2\/product_tag?post=1218"}],"curies":[{"name":"wp","href":"https:\/\/api.w.org\/{rel}","templated":true}]}}