{"id":1184,"date":"2020-10-28T14:57:38","date_gmt":"2020-10-28T17:57:38","guid":{"rendered":"https:\/\/comprenowhats.com.br\/anacaprimacae\/produto\/tenis-preto-basico-telinha\/"},"modified":"2022-05-18T11:33:03","modified_gmt":"2022-05-18T14:33:03","slug":"tenis-preto-basico-telinha","status":"publish","type":"product","link":"https:\/\/comprenowhats.com.br\/anacaprimacae\/produto\/tenis-preto-basico-telinha\/","title":{"rendered":"T\u00eanis Preto B\u00e1sico Telinha"},"content":{"rendered":"<p>T\u00eanis preto em tecido de telinha. O modelo de amarra\u00e7\u00e3o tem solado baixo flatform emborrachado branco, com frente texturizada e costura pesponto no contorno superior. De bico redondo, traz cabedal em tecido de telinha vazado e biqueira e parte traseira em material liso fechado. Com fecho em cadar\u00e7os pretos e tag marrom discreta do nome da marca na lateral.<\/p>\n<p><b>Porque Apostar<\/b><\/br><\/br>Fresco e bem basiquinho, o t\u00eanis com telinha \u00e9 charmoso e a cara da esta\u00e7\u00e3o! Perfeito para criar um look despojado para o dia a dia e fica lindo com jeans ou alfaiataria. Confort\u00e1vel e mega pr\u00e1tico, voc\u00ea vai se apaixonar e querer um de cada cor!<\/p>\n<div style='text-align: center'><img src='https:\/\/secure-static.anacapri.com.br\/medias\/sys_master\/anacapri\/anacapri\/h3c\/h5a\/h00\/h00\/9910976610334\/3000003650003U-03-BASEIMAGE-Midres.jpg' style='max-height: 400px' \/><img src='https:\/\/secure-static.anacapri.com.br\/medias\/sys_master\/anacapri\/anacapri\/h1e\/h61\/h00\/h00\/9910976938014\/3000003650003U-04-BASEIMAGE-Midres.jpg' style='max-height: 400px' \/><img src='https:\/\/secure-static.anacapri.com.br\/medias\/sys_master\/anacapri\/anacapri\/hed\/hf2\/h00\/h00\/9910977265694\/3000003650003U-05-BASEIMAGE-Midres.jpg' style='max-height: 400px' \/><img src='https:\/\/secure-static.anacapri.com.br\/medias\/sys_master\/anacapri\/anacapri\/h57\/ha3\/h00\/h00\/9910977593374\/3000003650003U-06-BASEIMAGE-Midres.jpg' style='max-height: 400px' \/><img src='https:\/\/secure-static.anacapri.com.br\/medias\/sys_master\/anacapri\/anacapri\/h87\/h00\/h00\/h00\/9910977921054\/3000003650003U-07-BASEIMAGE-Midres.jpg' style='max-height: 400px' \/><img src='https:\/\/secure-static.anacapri.com.br\/medias\/sys_master\/anacapri\/anacapri\/h63\/haa\/h00\/h00\/9910978248734\/3000003650003U-08-BASEIMAGE-Midres.jpg' style='max-height: 400px' \/><\/div>\n<p>* Entre em contato por WhatsApp para verificar a disponibilidade do produto. Ref.: C3000003650003<\/p>\n","protected":false},"excerpt":{"rendered":"<p>Estoque indispon\u00edvel.<br \/><small>atualizado em 18\/05\/2022.<\/p>\n","protected":false},"featured_media":1183,"template":"","meta":[],"product_cat":[50],"product_tag":[26],"_links":{"self":[{"href":"https:\/\/comprenowhats.com.br\/anacaprimacae\/wp-json\/wp\/v2\/product\/1184"}],"collection":[{"href":"https:\/\/comprenowhats.com.br\/anacaprimacae\/wp-json\/wp\/v2\/product"}],"about":[{"href":"https:\/\/comprenowhats.com.br\/anacaprimacae\/wp-json\/wp\/v2\/types\/product"}],"wp:featuredmedia":[{"embeddable":true,"href":"https:\/\/comprenowhats.com.br\/anacaprimacae\/wp-json\/wp\/v2\/media\/1183"}],"wp:attachment":[{"href":"https:\/\/comprenowhats.com.br\/anacaprimacae\/wp-json\/wp\/v2\/media?parent=1184"}],"wp:term":[{"taxonomy":"product_cat","embeddable":true,"href":"https:\/\/comprenowhats.com.br\/anacaprimacae\/wp-json\/wp\/v2\/product_cat?post=1184"},{"taxonomy":"product_tag","embeddable":true,"href":"https:\/\/comprenowhats.com.br\/anacaprimacae\/wp-json\/wp\/v2\/product_tag?post=1184"}],"curies":[{"name":"wp","href":"https:\/\/api.w.org\/{rel}","templated":true}]}}