{"id":1166,"date":"2020-10-28T14:57:24","date_gmt":"2020-10-28T17:57:24","guid":{"rendered":"https:\/\/comprenowhats.com.br\/anacaprimacae\/produto\/slip-on-branco-elastico-preto\/"},"modified":"2022-05-18T11:33:17","modified_gmt":"2022-05-18T14:33:17","slug":"slip-on-branco-elastico-preto","status":"publish","type":"product","link":"https:\/\/comprenowhats.com.br\/anacaprimacae\/produto\/slip-on-branco-elastico-preto\/","title":{"rendered":"Slip On Branco El\u00e1stico Preto"},"content":{"rendered":"<p>T\u00eanis slip on branco. O modelo tem solado m\u00e9dio flatform emborrachado branco, com frente texturizada e detalhe em alto-relevo ANACAPRI na parte traseira. De bico redondo, traz el\u00e1sticos largos pretos sobre o cabedal, um deles com grava\u00e7\u00e3o ANACAPRI. No calcanhar, apresenta tira e puxador em gorgur\u00e3o preto, al\u00e9m de tag marrom discreta do nome da marca na lateral do cano.<\/p>\n<p><b>Porque Apostar<\/b><\/br><\/br>O cl\u00e1ssico t\u00eanis branco com uma pegada bem esportiva para encher de estilo os looks do dia a dia! Aposte em alfaiataria para um visual office despojado e urbano. O maxi el\u00e1stico substitui os cadar\u00e7os e garante toda a gra\u00e7a do t\u00eanis. Para sair bem confort\u00e1vel e linda todos os dias!<\/p>\n<div style='text-align: center'><img src='https:\/\/secure-static.anacapri.com.br\/medias\/sys_master\/anacapri\/anacapri\/hbc\/h00\/h00\/h00\/9931929944094\/3002201370001U-04-BASEIMAGE-Midres.jpg' style='max-height: 400px' \/><img src='https:\/\/secure-static.anacapri.com.br\/medias\/sys_master\/anacapri\/anacapri\/ha5\/h22\/h00\/h00\/9931930271774\/3002201370001U-05-BASEIMAGE-Midres.jpg' style='max-height: 400px' \/><img src='https:\/\/secure-static.anacapri.com.br\/medias\/sys_master\/anacapri\/anacapri\/hb6\/h98\/h00\/h00\/9931930599454\/3002201370001U-06-BASEIMAGE-Midres.jpg' style='max-height: 400px' \/><\/div>\n<p>* Entre em contato por WhatsApp para verificar a disponibilidade do produto. Ref.: C3002201370001<\/p>\n","protected":false},"excerpt":{"rendered":"<p>Estoque indispon\u00edvel.<br \/><small>atualizado em 18\/05\/2022.<\/p>\n","protected":false},"featured_media":1165,"template":"","meta":[],"product_cat":[50],"product_tag":[21,22,23,25,28],"_links":{"self":[{"href":"https:\/\/comprenowhats.com.br\/anacaprimacae\/wp-json\/wp\/v2\/product\/1166"}],"collection":[{"href":"https:\/\/comprenowhats.com.br\/anacaprimacae\/wp-json\/wp\/v2\/product"}],"about":[{"href":"https:\/\/comprenowhats.com.br\/anacaprimacae\/wp-json\/wp\/v2\/types\/product"}],"wp:featuredmedia":[{"embeddable":true,"href":"https:\/\/comprenowhats.com.br\/anacaprimacae\/wp-json\/wp\/v2\/media\/1165"}],"wp:attachment":[{"href":"https:\/\/comprenowhats.com.br\/anacaprimacae\/wp-json\/wp\/v2\/media?parent=1166"}],"wp:term":[{"taxonomy":"product_cat","embeddable":true,"href":"https:\/\/comprenowhats.com.br\/anacaprimacae\/wp-json\/wp\/v2\/product_cat?post=1166"},{"taxonomy":"product_tag","embeddable":true,"href":"https:\/\/comprenowhats.com.br\/anacaprimacae\/wp-json\/wp\/v2\/product_tag?post=1166"}],"curies":[{"name":"wp","href":"https:\/\/api.w.org\/{rel}","templated":true}]}}