{"id":1156,"date":"2020-10-28T14:57:15","date_gmt":"2020-10-28T17:57:15","guid":{"rendered":"https:\/\/comprenowhats.com.br\/anacaprimacae\/produto\/mule-palha-marrom-bridao-aberta\/"},"modified":"2022-05-18T11:32:35","modified_gmt":"2022-05-18T14:32:35","slug":"mule-palha-marrom-bridao-aberta","status":"publish","type":"product","link":"https:\/\/comprenowhats.com.br\/anacaprimacae\/produto\/mule-palha-marrom-bridao-aberta\/","title":{"rendered":"Mule Palha Marrom Brid\u00e3o Aberta"},"content":{"rendered":"<p>Mule em palha natural e material marrom. O modelo tem bico redondo e salto rasteiro. Traz recorte lateral na g\u00e1spea e aplica\u00e7\u00e3o de tiras e brid\u00e3o met\u00e1lico. Aberta no calcanhar e na parte frontal, tem contorno do cabedal marrom. <\/p>\n<p><b>Porque Apostar<\/b><\/br><\/br>Sabe aquele sapato que te deixa elegante sem esfor\u00e7o? \u00c9 a mule, que vem atualizada em vers\u00e3o naturalzinha, misturando palha e detalhes marrons. Do office ao conforto de casa, \u00e9 uma op\u00e7\u00e3o pr\u00e1tica e mega estilosa para o dia a dia.<\/p>\n<div style='text-align: center'><img src='https:\/\/secure-static.anacapri.com.br\/medias\/sys_master\/anacapri\/anacapri\/hf9\/hc4\/h00\/h00\/9931975295006\/0025601750001U-04-BASEIMAGE-Midres.jpg' style='max-height: 400px' \/><img src='https:\/\/secure-static.anacapri.com.br\/medias\/sys_master\/anacapri\/anacapri\/h58\/h72\/h00\/h00\/9931975622686\/0025601750001U-05-BASEIMAGE-Midres.jpg' style='max-height: 400px' \/><img src='https:\/\/secure-static.anacapri.com.br\/medias\/sys_master\/anacapri\/anacapri\/hee\/hc1\/h00\/h00\/9931975950366\/0025601750001U-06-BASEIMAGE-Midres.jpg' style='max-height: 400px' \/><img src='https:\/\/secure-static.anacapri.com.br\/medias\/sys_master\/anacapri\/anacapri\/h9f\/h1a\/h00\/h00\/9931976278046\/0025601750001U-07-BASEIMAGE-Midres.jpg' style='max-height: 400px' \/><img src='https:\/\/secure-static.anacapri.com.br\/medias\/sys_master\/anacapri\/anacapri\/ha9\/h0f\/h00\/h00\/9931976605726\/0025601750001U-08-BASEIMAGE-Midres.jpg' style='max-height: 400px' \/><\/div>\n<p>* Entre em contato por WhatsApp para verificar a disponibilidade do produto. Ref.: C0025601750001<\/p>\n","protected":false},"excerpt":{"rendered":"<p>Estoque indispon\u00edvel.<br \/><small>atualizado em 18\/05\/2022.<\/p>\n","protected":false},"featured_media":1155,"template":"","meta":[],"product_cat":[49],"product_tag":[25,27],"_links":{"self":[{"href":"https:\/\/comprenowhats.com.br\/anacaprimacae\/wp-json\/wp\/v2\/product\/1156"}],"collection":[{"href":"https:\/\/comprenowhats.com.br\/anacaprimacae\/wp-json\/wp\/v2\/product"}],"about":[{"href":"https:\/\/comprenowhats.com.br\/anacaprimacae\/wp-json\/wp\/v2\/types\/product"}],"wp:featuredmedia":[{"embeddable":true,"href":"https:\/\/comprenowhats.com.br\/anacaprimacae\/wp-json\/wp\/v2\/media\/1155"}],"wp:attachment":[{"href":"https:\/\/comprenowhats.com.br\/anacaprimacae\/wp-json\/wp\/v2\/media?parent=1156"}],"wp:term":[{"taxonomy":"product_cat","embeddable":true,"href":"https:\/\/comprenowhats.com.br\/anacaprimacae\/wp-json\/wp\/v2\/product_cat?post=1156"},{"taxonomy":"product_tag","embeddable":true,"href":"https:\/\/comprenowhats.com.br\/anacaprimacae\/wp-json\/wp\/v2\/product_tag?post=1156"}],"curies":[{"name":"wp","href":"https:\/\/api.w.org\/{rel}","templated":true}]}}