{"id":1062,"date":"2020-10-28T14:56:08","date_gmt":"2020-10-28T17:56:08","guid":{"rendered":"https:\/\/comprenowhats.com.br\/anacaprimacae\/produto\/bolsa-tote-caramelo\/"},"modified":"2022-05-18T11:33:54","modified_gmt":"2022-05-18T14:33:54","slug":"bolsa-tote-caramelo","status":"publish","type":"product","link":"https:\/\/comprenowhats.com.br\/anacaprimacae\/produto\/bolsa-tote-caramelo\/","title":{"rendered":"Bolsa Tote Caramelo"},"content":{"rendered":"<p>Bolsa tote marrom. O modelo tem al\u00e7a crossbody com ilh\u00f3s e duas al\u00e7as de m\u00e3o, que se estendem em tiras sobre a capa frontal e s\u00e3o presas por n\u00f3s. Com fecho superior, traz inscri\u00e7\u00e3o met\u00e1lica em alto-relevo do nome da marca na capa.<\/p>\n<p><b>Porque Apostar<\/b><\/br><\/br>A bolsa tote \u00e9 um cl\u00e1ssico e sua cor neutra a torna ainda mais vers\u00e1til e pr\u00e1tica. Elegante, \u00e9 a escolha ideal para acompanhar a rotina! Espa\u00e7osa, acomoda itens pessoais com facilidade e vai do escrit\u00f3rio ao passeio. Vai ser sua nova bff, pode apostar!<\/p>\n<div style='text-align: center'><img src='https:\/\/secure-static.anacapri.com.br\/medias\/sys_master\/anacapri\/anacapri\/h7e\/had\/h00\/h00\/9920066289694\/5001203010003U-04-BASEIMAGE-Midres.jpg' style='max-height: 400px' \/><img src='https:\/\/secure-static.anacapri.com.br\/medias\/sys_master\/anacapri\/anacapri\/h37\/h4d\/h00\/h00\/9920066453534\/5001203010003U-05-BASEIMAGE-Midres.jpg' style='max-height: 400px' \/><img src='https:\/\/secure-static.anacapri.com.br\/medias\/sys_master\/anacapri\/anacapri\/h08\/h87\/h00\/h00\/9920066748446\/5001203010003U-06-BASEIMAGE-Midres.jpg' style='max-height: 400px' \/><\/div>\n<p>* Entre em contato por WhatsApp para verificar a disponibilidade do produto. Ref.: C5001203010003<\/p>\n","protected":false},"excerpt":{"rendered":"<p>Estoque indispon\u00edvel.<br \/><small>atualizado em 18\/05\/2022.<\/p>\n","protected":false},"featured_media":1061,"template":"","meta":[],"product_cat":[43],"product_tag":[],"_links":{"self":[{"href":"https:\/\/comprenowhats.com.br\/anacaprimacae\/wp-json\/wp\/v2\/product\/1062"}],"collection":[{"href":"https:\/\/comprenowhats.com.br\/anacaprimacae\/wp-json\/wp\/v2\/product"}],"about":[{"href":"https:\/\/comprenowhats.com.br\/anacaprimacae\/wp-json\/wp\/v2\/types\/product"}],"wp:featuredmedia":[{"embeddable":true,"href":"https:\/\/comprenowhats.com.br\/anacaprimacae\/wp-json\/wp\/v2\/media\/1061"}],"wp:attachment":[{"href":"https:\/\/comprenowhats.com.br\/anacaprimacae\/wp-json\/wp\/v2\/media?parent=1062"}],"wp:term":[{"taxonomy":"product_cat","embeddable":true,"href":"https:\/\/comprenowhats.com.br\/anacaprimacae\/wp-json\/wp\/v2\/product_cat?post=1062"},{"taxonomy":"product_tag","embeddable":true,"href":"https:\/\/comprenowhats.com.br\/anacaprimacae\/wp-json\/wp\/v2\/product_tag?post=1062"}],"curies":[{"name":"wp","href":"https:\/\/api.w.org\/{rel}","templated":true}]}}