{"id":1052,"date":"2020-10-28T14:56:03","date_gmt":"2020-10-28T17:56:03","guid":{"rendered":"https:\/\/comprenowhats.com.br\/anacaprimacae\/produto\/slip-on-preto-knit-flatform\/"},"modified":"2022-05-18T11:45:53","modified_gmt":"2022-05-18T14:45:53","slug":"slip-on-preto-knit-flatform","status":"publish","type":"product","link":"https:\/\/comprenowhats.com.br\/anacaprimacae\/produto\/slip-on-preto-knit-flatform\/","title":{"rendered":"Slip On Preto Knit Flatform"},"content":{"rendered":"<p>T\u00eanis slip on em knit preto. O modelo tem solado alto flatform emborrachado branco, com costura pesponto no contorno superior e detalhe em alto-relevo ANACAPRI na parte traseira. Traz cabedal em knit texturizado e cano estilo meia. No calcanhar, apresenta tira e puxador em gorgur\u00e3o preto, al\u00e9m de tag marrom discreta do nome da marca na lateral do cabedal.<\/p>\n<p><b>Porque Apostar<\/b><\/br><\/br>Aquele t\u00eanis descomplicado e meeega confort\u00e1vel que a gente ama! Fica lindo com jeans e camiseta, bem basiquinha, ou com vestido curto, bem charmosa! Pr\u00e1tico de cal\u00e7ar e super estiloso, juro que voc\u00ea n\u00e3o vai mais querer tirar dos p\u00e9s, mana!<\/p>\n<div style='text-align: center'><img src='https:\/\/secure-static.anacapri.com.br\/medias\/sys_master\/anacapri\/anacapri\/h5d\/h69\/h00\/h00\/9921625817118\/3019600080002U-04-BASEIMAGE-Midres.jpg' style='max-height: 400px' \/><img src='https:\/\/secure-static.anacapri.com.br\/medias\/sys_master\/anacapri\/anacapri\/h71\/h28\/h00\/h00\/9921626144798\/3019600080002U-05-BASEIMAGE-Midres.jpg' style='max-height: 400px' \/><img src='https:\/\/secure-static.anacapri.com.br\/medias\/sys_master\/anacapri\/anacapri\/h24\/h27\/h00\/h00\/9921626472478\/3019600080002U-06-BASEIMAGE-Midres.jpg' style='max-height: 400px' \/><\/div>\n<p>* Entre em contato por WhatsApp para verificar a disponibilidade do produto. Ref.: C3019600080002<\/p>\n","protected":false},"excerpt":{"rendered":"<p>Estoque indispon\u00edvel.<br \/><small>atualizado em 18\/05\/2022.<\/p>\n","protected":false},"featured_media":1051,"template":"","meta":[],"product_cat":[50],"product_tag":[25,26],"_links":{"self":[{"href":"https:\/\/comprenowhats.com.br\/anacaprimacae\/wp-json\/wp\/v2\/product\/1052"}],"collection":[{"href":"https:\/\/comprenowhats.com.br\/anacaprimacae\/wp-json\/wp\/v2\/product"}],"about":[{"href":"https:\/\/comprenowhats.com.br\/anacaprimacae\/wp-json\/wp\/v2\/types\/product"}],"wp:featuredmedia":[{"embeddable":true,"href":"https:\/\/comprenowhats.com.br\/anacaprimacae\/wp-json\/wp\/v2\/media\/1051"}],"wp:attachment":[{"href":"https:\/\/comprenowhats.com.br\/anacaprimacae\/wp-json\/wp\/v2\/media?parent=1052"}],"wp:term":[{"taxonomy":"product_cat","embeddable":true,"href":"https:\/\/comprenowhats.com.br\/anacaprimacae\/wp-json\/wp\/v2\/product_cat?post=1052"},{"taxonomy":"product_tag","embeddable":true,"href":"https:\/\/comprenowhats.com.br\/anacaprimacae\/wp-json\/wp\/v2\/product_tag?post=1052"}],"curies":[{"name":"wp","href":"https:\/\/api.w.org\/{rel}","templated":true}]}}