{"id":1040,"date":"2020-10-28T14:55:55","date_gmt":"2020-10-28T17:55:55","guid":{"rendered":"https:\/\/comprenowhats.com.br\/anacaprimacae\/produto\/slip-on-branco-knit-flatform\/"},"modified":"2022-05-18T11:45:53","modified_gmt":"2022-05-18T14:45:53","slug":"slip-on-branco-knit-flatform","status":"publish","type":"product","link":"https:\/\/comprenowhats.com.br\/anacaprimacae\/produto\/slip-on-branco-knit-flatform\/","title":{"rendered":"Slip On Branco Knit Flatform"},"content":{"rendered":"<p>T\u00eanis slip on em knit branco. O modelo tem solado alto flatform emborrachado branco, com costura pesponto no contorno superior e detalhe em alto-relevo ANACAPRI na parte traseira. Traz cabedal em knit texturizado e cano estilo meia. No calcanhar, apresenta tira e puxador em gorgur\u00e3o branco, al\u00e9m de tag marrom discreta do nome da marca na lateral do cabedal.<\/p>\n<p><b>Porque Apostar<\/b><\/br><\/br>Aquele t\u00eanis descomplicado e meeega confort\u00e1vel que a gente ama! Fica lindo com jeans e camiseta, bem basiquinha, ou com vestido curto, bem charmosa! Pr\u00e1tico de cal\u00e7ar e super estiloso, juro que voc\u00ea n\u00e3o vai mais querer tirar dos p\u00e9s, mana!<\/p>\n<div style='text-align: center'><img src='https:\/\/secure-static.anacapri.com.br\/medias\/sys_master\/anacapri\/anacapri\/hb8\/he2\/h00\/h00\/9921630076958\/3019600080003U-03-BASEIMAGE-Midres.jpg' style='max-height: 400px' \/><img src='https:\/\/secure-static.anacapri.com.br\/medias\/sys_master\/anacapri\/anacapri\/h77\/h7a\/h00\/h00\/9921630404638\/3019600080003U-04-BASEIMAGE-Midres.jpg' style='max-height: 400px' \/><img src='https:\/\/secure-static.anacapri.com.br\/medias\/sys_master\/anacapri\/anacapri\/he1\/h2a\/h00\/h00\/9921630732318\/3019600080003U-05-BASEIMAGE-Midres.jpg' style='max-height: 400px' \/><img src='https:\/\/secure-static.anacapri.com.br\/medias\/sys_master\/anacapri\/anacapri\/h5d\/h38\/h00\/h00\/9921631059998\/3019600080003U-06-BASEIMAGE-Midres.jpg' style='max-height: 400px' \/><img src='https:\/\/secure-static.anacapri.com.br\/medias\/sys_master\/anacapri\/anacapri\/hf3\/h87\/h00\/h00\/9921631387678\/3019600080003U-07-BASEIMAGE-Midres.jpg' style='max-height: 400px' \/><img src='https:\/\/secure-static.anacapri.com.br\/medias\/sys_master\/anacapri\/anacapri\/h3c\/hd5\/h00\/h00\/9921631715358\/3019600080003U-08-BASEIMAGE-Midres.jpg' style='max-height: 400px' \/><img src='https:\/\/secure-static.anacapri.com.br\/medias\/sys_master\/anacapri\/anacapri\/hb6\/h25\/h00\/h00\/9941259157534\/3019600080003U-12-BASEIMAGE-Midres.png' style='max-height: 400px' \/><\/div>\n<p>* Entre em contato por WhatsApp para verificar a disponibilidade do produto. Ref.: C3019600080003<\/p>\n","protected":false},"excerpt":{"rendered":"<p>Estoque indispon\u00edvel.<br \/><small>atualizado em 18\/05\/2022.<\/p>\n","protected":false},"featured_media":1039,"template":"","meta":[],"product_cat":[50],"product_tag":[25,26],"_links":{"self":[{"href":"https:\/\/comprenowhats.com.br\/anacaprimacae\/wp-json\/wp\/v2\/product\/1040"}],"collection":[{"href":"https:\/\/comprenowhats.com.br\/anacaprimacae\/wp-json\/wp\/v2\/product"}],"about":[{"href":"https:\/\/comprenowhats.com.br\/anacaprimacae\/wp-json\/wp\/v2\/types\/product"}],"wp:featuredmedia":[{"embeddable":true,"href":"https:\/\/comprenowhats.com.br\/anacaprimacae\/wp-json\/wp\/v2\/media\/1039"}],"wp:attachment":[{"href":"https:\/\/comprenowhats.com.br\/anacaprimacae\/wp-json\/wp\/v2\/media?parent=1040"}],"wp:term":[{"taxonomy":"product_cat","embeddable":true,"href":"https:\/\/comprenowhats.com.br\/anacaprimacae\/wp-json\/wp\/v2\/product_cat?post=1040"},{"taxonomy":"product_tag","embeddable":true,"href":"https:\/\/comprenowhats.com.br\/anacaprimacae\/wp-json\/wp\/v2\/product_tag?post=1040"}],"curies":[{"name":"wp","href":"https:\/\/api.w.org\/{rel}","templated":true}]}}