{"id":1023,"date":"2020-09-23T14:47:36","date_gmt":"2020-09-23T17:47:36","guid":{"rendered":"https:\/\/comprenowhats.com.br\/anacaprimacae\/produto\/bolsa-rosa-antik-tote-p\/"},"modified":"2022-05-18T11:34:37","modified_gmt":"2022-05-18T14:34:37","slug":"bolsa-rosa-antik-tote-p","status":"publish","type":"product","link":"https:\/\/comprenowhats.com.br\/anacaprimacae\/produto\/bolsa-rosa-antik-tote-p\/","title":{"rendered":"Bolsa Rosa Antik Tote P"},"content":{"rendered":"<p>Chiqu\u00e9rrima e descomplicad\u00edssima, a bolsa tote \u00e9 aquele acess\u00f3rio que d\u00e1 o famoso ?tchan? a qualquer look! Ela tem um espa\u00e7o interno BABADO pra levar absolutamente tudo que voc\u00ea quiser e, ainda, \u00e9 \u00f3tima para aqueles dias que voc\u00ea quiser fazer a phyna e sair toda elegantona por a\u00ed. O modelo vem nos tons neutros cl\u00e1ssicos e tamb\u00e9m nas novas cores terrosas. O complicado vai ser escolher s\u00f3 uma!<\/p>\n<div style='text-align: center'><img src='https:\/\/secure-static.anacapri.com.br\/medias\/sys_master\/anacapri\/anacapri\/h17\/hf4\/h00\/h00\/9624135630878\/5001601400003U-03-BASEIMAGE-Midres.jpg' style='max-height: 400px' \/><img src='https:\/\/secure-static.anacapri.com.br\/medias\/sys_master\/anacapri\/anacapri\/hb8\/had\/h00\/h00\/9624135303198\/5001601400003U-04-BASEIMAGE-Midres.jpg' style='max-height: 400px' \/><img src='https:\/\/secure-static.anacapri.com.br\/medias\/sys_master\/anacapri\/anacapri\/h16\/he3\/h00\/h00\/9624134975518\/5001601400003U-05-BASEIMAGE-Midres.jpg' style='max-height: 400px' \/><img src='https:\/\/secure-static.anacapri.com.br\/medias\/sys_master\/anacapri\/anacapri\/h80\/h93\/h00\/h00\/9624134647838\/5001601400003U-06-BASEIMAGE-Midres.jpg' style='max-height: 400px' \/><img src='https:\/\/secure-static.anacapri.com.br\/medias\/sys_master\/anacapri\/anacapri\/h5e\/h03\/h00\/h00\/9624134320158\/5001601400003U-07-BASEIMAGE-Midres.jpg' style='max-height: 400px' \/><img src='https:\/\/secure-static.anacapri.com.br\/medias\/sys_master\/anacapri\/anacapri\/h3a\/hba\/h00\/h00\/9624133992478\/5001601400003U-08-BASEIMAGE-Midres.jpg' style='max-height: 400px' \/><\/div>\n<p>* Entre em contato por WhatsApp para verificar a disponibilidade do produto. Ref.: C5001601400003<\/p>\n","protected":false},"excerpt":{"rendered":"<p>Estoque indispon\u00edvel.<br \/><small>atualizado em 18\/05\/2022.<\/p>\n","protected":false},"featured_media":1022,"template":"","meta":[],"product_cat":[43],"product_tag":[],"_links":{"self":[{"href":"https:\/\/comprenowhats.com.br\/anacaprimacae\/wp-json\/wp\/v2\/product\/1023"}],"collection":[{"href":"https:\/\/comprenowhats.com.br\/anacaprimacae\/wp-json\/wp\/v2\/product"}],"about":[{"href":"https:\/\/comprenowhats.com.br\/anacaprimacae\/wp-json\/wp\/v2\/types\/product"}],"wp:featuredmedia":[{"embeddable":true,"href":"https:\/\/comprenowhats.com.br\/anacaprimacae\/wp-json\/wp\/v2\/media\/1022"}],"wp:attachment":[{"href":"https:\/\/comprenowhats.com.br\/anacaprimacae\/wp-json\/wp\/v2\/media?parent=1023"}],"wp:term":[{"taxonomy":"product_cat","embeddable":true,"href":"https:\/\/comprenowhats.com.br\/anacaprimacae\/wp-json\/wp\/v2\/product_cat?post=1023"},{"taxonomy":"product_tag","embeddable":true,"href":"https:\/\/comprenowhats.com.br\/anacaprimacae\/wp-json\/wp\/v2\/product_tag?post=1023"}],"curies":[{"name":"wp","href":"https:\/\/api.w.org\/{rel}","templated":true}]}}